{"id":1026,"date":"2014-09-08T13:32:54","date_gmt":"2014-09-08T13:32:54","guid":{"rendered":"http:\/\/bilmat.org\/calisma_grubu\/?page_id=1026"},"modified":"2020-11-22T18:54:37","modified_gmt":"2020-11-22T18:54:37","slug":"dr-ogr-uyesi-buket-ozum-bulbul","status":"publish","type":"page","link":"https:\/\/bilmat.org\/calisma_grubu\/dr-ogr-uyesi-buket-ozum-bulbul\/","title":{"rendered":"Dr. \u00d6\u011fr. \u00dcyesi Buket \u00d6z\u00fcm B\u00dcLB\u00dcL"},"content":{"rendered":"<table border=\"0\" width=\"100%\" cellspacing=\"1\" cellpadding=\"1\" align=\"left\" bgcolor=\"#CCCCCC\">\n<tbody>\n<tr>\n<td bgcolor=\"#CCCCCC\" width=\"116\">\n<div style=\"text-align: center;\" align=\"left\">Dr. \u00d6\u011fr. \u00dcyesi Buket \u00d6z\u00fcm B\u00dcLB\u00dcL<a href=\"http:\/\/bilmat.org\/calisma_grubu\/wp-content\/uploads\/2020\/11\/unnamed-Buket-\u00d6z\u00fcm-B\u00dcLB\u00dcL.jpg\"><img loading=\"lazy\" class=\"aligncenter size-medium wp-image-2303\" src=\"http:\/\/bilmat.org\/calisma_grubu\/wp-content\/uploads\/2020\/11\/unnamed-Buket-\u00d6z\u00fcm-B\u00dcLB\u00dcL-400x400.jpg\" alt=\"unnamed - Buket \u00d6z\u00fcm B\u00dcLB\u00dcL\" width=\"300\" height=\"300\" srcset=\"https:\/\/bilmat.org\/calisma_grubu\/wp-content\/uploads\/2020\/11\/unnamed-Buket-\u00d6z\u00fcm-B\u00dcLB\u00dcL-400x400.jpg 400w, https:\/\/bilmat.org\/calisma_grubu\/wp-content\/uploads\/2020\/11\/unnamed-Buket-\u00d6z\u00fcm-B\u00dcLB\u00dcL-250x250.jpg 250w, https:\/\/bilmat.org\/calisma_grubu\/wp-content\/uploads\/2020\/11\/unnamed-Buket-\u00d6z\u00fcm-B\u00dcLB\u00dcL-768x768.jpg 768w, https:\/\/bilmat.org\/calisma_grubu\/wp-content\/uploads\/2020\/11\/unnamed-Buket-\u00d6z\u00fcm-B\u00dcLB\u00dcL-650x650.jpg 650w, https:\/\/bilmat.org\/calisma_grubu\/wp-content\/uploads\/2020\/11\/unnamed-Buket-\u00d6z\u00fcm-B\u00dcLB\u00dcL-150x150.jpg 150w, https:\/\/bilmat.org\/calisma_grubu\/wp-content\/uploads\/2020\/11\/unnamed-Buket-\u00d6z\u00fcm-B\u00dcLB\u00dcL-50x50.jpg 50w, https:\/\/bilmat.org\/calisma_grubu\/wp-content\/uploads\/2020\/11\/unnamed-Buket-\u00d6z\u00fcm-B\u00dcLB\u00dcL-100x100.jpg 100w, https:\/\/bilmat.org\/calisma_grubu\/wp-content\/uploads\/2020\/11\/unnamed-Buket-\u00d6z\u00fcm-B\u00dcLB\u00dcL-200x200.jpg 200w, https:\/\/bilmat.org\/calisma_grubu\/wp-content\/uploads\/2020\/11\/unnamed-Buket-\u00d6z\u00fcm-B\u00dcLB\u00dcL-300x300.jpg 300w, https:\/\/bilmat.org\/calisma_grubu\/wp-content\/uploads\/2020\/11\/unnamed-Buket-\u00d6z\u00fcm-B\u00dcLB\u00dcL-350x350.jpg 350w, https:\/\/bilmat.org\/calisma_grubu\/wp-content\/uploads\/2020\/11\/unnamed-Buket-\u00d6z\u00fcm-B\u00dcLB\u00dcL-450x450.jpg 450w, https:\/\/bilmat.org\/calisma_grubu\/wp-content\/uploads\/2020\/11\/unnamed-Buket-\u00d6z\u00fcm-B\u00dcLB\u00dcL-500x500.jpg 500w, https:\/\/bilmat.org\/calisma_grubu\/wp-content\/uploads\/2020\/11\/unnamed-Buket-\u00d6z\u00fcm-B\u00dcLB\u00dcL-550x550.jpg 550w, https:\/\/bilmat.org\/calisma_grubu\/wp-content\/uploads\/2020\/11\/unnamed-Buket-\u00d6z\u00fcm-B\u00dcLB\u00dcL-800x800.jpg 800w, https:\/\/bilmat.org\/calisma_grubu\/wp-content\/uploads\/2020\/11\/unnamed-Buket-\u00d6z\u00fcm-B\u00dcLB\u00dcL-1200x1200.jpg 1200w, https:\/\/bilmat.org\/calisma_grubu\/wp-content\/uploads\/2020\/11\/unnamed-Buket-\u00d6z\u00fcm-B\u00dcLB\u00dcL.jpg 1365w\" sizes=\"(max-width: 300px) 100vw, 300px\" \/><\/a><\/div>\n<\/td>\n<td valign=\"top\" bgcolor=\"#FFFFFF\">\n<div align=\"left\">\n<div align=\"left\">\n<div align=\"left\">\n<div align=\"left\">\n<div align=\"left\">\n<div align=\"left\">\n<div align=\"left\"><\/div>\n<div align=\"justify\">20 Mart 1988 tarihinde Sivas merkezde do\u011fdu. \u0130lk, orta ve lise \u00f6\u011frenimini bu \u015fehirde tamamlad\u0131. 2005 y\u0131l\u0131nda Trabzon Karadeniz Teknik \u00dcniversitesi Fatih E\u011fitim Fak\u00fcltesi \u0130lk\u00f6\u011fretim Matematik \u00d6\u011fretmenli\u011fi\u2019nde \u00f6\u011frenimine ba\u015flad\u0131. 2008-2009 \u00f6\u011fretim y\u0131l\u0131nda b\u00f6l\u00fcm birincili\u011fi ile mezun oldu. Ayn\u0131 y\u0131l, Karadeniz Teknik \u00dcniversitesi Orta\u00f6\u011fretim Fen ve Matematik E\u011fitimi Anabilim Dal\u0131, Matematik E\u011fitimi\u2019nde doktora program\u0131na kay\u0131t yapt\u0131rd\u0131 ve bu program\u0131 da 2016 y\u0131l\u0131nda bitirdi. 2018 y\u0131l\u0131ndan beri Manisa Celal Bayar \u00dcniversitesi\u2019nde \u00e7al\u0131\u015fmalar\u0131na devam eden B\u00fclb\u00fcl, iyi derecede \u0130ngilizce bilmektedir.<\/div>\n<\/div>\n<\/div>\n<\/div>\n<\/div>\n<\/div>\n<\/div>\n<\/td>\n<\/tr>\n<tr>\n<td bgcolor=\"#CCCCCC\">\n<div align=\"left\">\u00c7al\u0131\u015fma Alanlar\u0131:<\/div>\n<\/td>\n<td bgcolor=\"#F3F3F3\">Geometrik D\u00fc\u015f\u00fcnme Al\u0131\u015fkanl\u0131klar\u0131, Bilgisayar Destekli Geometri \u00d6\u011fretimi, Problem \u00c7\u00f6zme, Matematik E\u011fitimi, Geometri E\u011fitimi<\/td>\n<\/tr>\n<tr>\n<td bgcolor=\"#CCCCCC\">\n<div align=\"left\">\u0130leti\u015fim Bilgileri:<\/div>\n<\/td>\n<td bgcolor=\"#FFFFFF\"><\/td>\n<\/tr>\n<tr>\n<td bgcolor=\"#CCCCCC\">E-posta:<\/td>\n<td bgcolor=\"#F3F3F3\">buket.bulbul@cbu.edu.tr<\/td>\n<\/tr>\n<tr>\n<td bgcolor=\"#CCCCCC\">\n<div align=\"left\">Web Adresi:<\/div>\n<\/td>\n<td bgcolor=\"#FFFFFF\"><\/td>\n<\/tr>\n<\/tbody>\n<\/table>\n<p style=\"text-align: right;\">\n","protected":false},"excerpt":{"rendered":"<p>Dr. \u00d6\u011fr. \u00dcyesi Buket \u00d6z\u00fcm B\u00dcLB\u00dcL 20 Mart 1988 tarihinde Sivas merkezde do\u011fdu. \u0130lk, orta ve lise \u00f6\u011frenimini bu \u015fehirde tamamlad\u0131. 2005 y\u0131l\u0131nda Trabzon Karadeniz Teknik \u00dcniversitesi Fatih E\u011fitim Fak\u00fcltesi \u0130lk\u00f6\u011fretim Matematik \u00d6\u011fretmenli\u011fi\u2019nde \u00f6\u011frenimine ba\u015flad\u0131. 2008-2009 \u00f6\u011fretim y\u0131l\u0131nda b\u00f6l\u00fcm birincili\u011fi ile mezun oldu. Ayn\u0131 y\u0131l, Karadeniz Teknik \u00dcniversitesi Orta\u00f6\u011fretim Fen ve Matematik E\u011fitimi Anabilim Dal\u0131, [&hellip;]<\/p>\n","protected":false},"author":1,"featured_media":0,"parent":0,"menu_order":0,"comment_status":"closed","ping_status":"closed","template":"","meta":[],"_links":{"self":[{"href":"https:\/\/bilmat.org\/calisma_grubu\/wp-json\/wp\/v2\/pages\/1026"}],"collection":[{"href":"https:\/\/bilmat.org\/calisma_grubu\/wp-json\/wp\/v2\/pages"}],"about":[{"href":"https:\/\/bilmat.org\/calisma_grubu\/wp-json\/wp\/v2\/types\/page"}],"author":[{"embeddable":true,"href":"https:\/\/bilmat.org\/calisma_grubu\/wp-json\/wp\/v2\/users\/1"}],"replies":[{"embeddable":true,"href":"https:\/\/bilmat.org\/calisma_grubu\/wp-json\/wp\/v2\/comments?post=1026"}],"version-history":[{"count":6,"href":"https:\/\/bilmat.org\/calisma_grubu\/wp-json\/wp\/v2\/pages\/1026\/revisions"}],"predecessor-version":[{"id":2349,"href":"https:\/\/bilmat.org\/calisma_grubu\/wp-json\/wp\/v2\/pages\/1026\/revisions\/2349"}],"wp:attachment":[{"href":"https:\/\/bilmat.org\/calisma_grubu\/wp-json\/wp\/v2\/media?parent=1026"}],"curies":[{"name":"wp","href":"https:\/\/api.w.org\/{rel}","templated":true}]}}

Dr. Öğr. Üyesi Buket Özüm BÜLBÜL

<table border="0" width="100%" cellspacing="1" cellpadding="1" align="left" bgcolor="#CCCCCC">
<tbody>
<tr>
<td bgcolor="#CCCCCC" width="116">
<div style="text-align: center;" align="left">Dr. Öğr. Üyesi Buket Özüm BÜLBÜL<a href="http://bilmat.org/calisma_grubu/wp-content/uploads/2020/11/unnamed-Buket-Özüm-BÜLBÜL.jpg"><img loading="lazy" class="aligncenter size-medium wp-image-2303" src="http://bilmat.org/calisma_grubu/wp-content/uploads/2020/11/unnamed-Buket-Özüm-BÜLBÜL-400x400.jpg" alt="unnamed - Buket Özüm BÜLBÜL" width="300" height="300" srcset="https://bilmat.org/calisma_grubu/wp-content/uploads/2020/11/unnamed-Buket-Özüm-BÜLBÜL-400x400.jpg 400w, https://bilmat.org/calisma_grubu/wp-content/uploads/2020/11/unnamed-Buket-Özüm-BÜLBÜL-250x250.jpg 250w, https://bilmat.org/calisma_grubu/wp-content/uploads/2020/11/unnamed-Buket-Özüm-BÜLBÜL-768x768.jpg 768w, https://bilmat.org/calisma_grubu/wp-content/uploads/2020/11/unnamed-Buket-Özüm-BÜLBÜL-650x650.jpg 650w, https://bilmat.org/calisma_grubu/wp-content/uploads/2020/11/unnamed-Buket-Özüm-BÜLBÜL-150x150.jpg 150w, https://bilmat.org/calisma_grubu/wp-content/uploads/2020/11/unnamed-Buket-Özüm-BÜLBÜL-50x50.jpg 50w, https://bilmat.org/calisma_grubu/wp-content/uploads/2020/11/unnamed-Buket-Özüm-BÜLBÜL-100x100.jpg 100w, https://bilmat.org/calisma_grubu/wp-content/uploads/2020/11/unnamed-Buket-Özüm-BÜLBÜL-200x200.jpg 200w, https://bilmat.org/calisma_grubu/wp-content/uploads/2020/11/unnamed-Buket-Özüm-BÜLBÜL-300x300.jpg 300w, https://bilmat.org/calisma_grubu/wp-content/uploads/2020/11/unnamed-Buket-Özüm-BÜLBÜL-350x350.jpg 350w, https://bilmat.org/calisma_grubu/wp-content/uploads/2020/11/unnamed-Buket-Özüm-BÜLBÜL-450x450.jpg 450w, https://bilmat.org/calisma_grubu/wp-content/uploads/2020/11/unnamed-Buket-Özüm-BÜLBÜL-500x500.jpg 500w, https://bilmat.org/calisma_grubu/wp-content/uploads/2020/11/unnamed-Buket-Özüm-BÜLBÜL-550x550.jpg 550w, https://bilmat.org/calisma_grubu/wp-content/uploads/2020/11/unnamed-Buket-Özüm-BÜLBÜL-800x800.jpg 800w, https://bilmat.org/calisma_grubu/wp-content/uploads/2020/11/unnamed-Buket-Özüm-BÜLBÜL-1200x1200.jpg 1200w, https://bilmat.org/calisma_grubu/wp-content/uploads/2020/11/unnamed-Buket-Özüm-BÜLBÜL.jpg 1365w" sizes="(max-width: 300px) 100vw, 300px" /></a></div>
</td>
<td valign="top" bgcolor="#FFFFFF">
<div align="left">
<div align="left">
<div align="left">
<div align="left">
<div align="left">
<div align="left">
<div align="left"></div>
<div align="justify">20 Mart 1988 tarihinde Sivas merkezde doğdu. İlk, orta ve lise öğrenimini bu şehirde tamamladı. 2005 yılında Trabzon Karadeniz Teknik Üniversitesi Fatih Eğitim Fakültesi İlköğretim Matematik Öğretmenliği’nde öğrenimine başladı. 2008-2009 öğretim yılında bölüm birinciliği ile mezun oldu. Aynı yıl, Karadeniz Teknik Üniversitesi Ortaöğretim Fen ve Matematik Eğitimi Anabilim Dalı, Matematik Eğitimi’nde doktora programına kayıt yaptırdı ve bu programı da 2016 yılında bitirdi. 2018 yılından beri Manisa Celal Bayar Üniversitesi’nde çalışmalarına devam eden Bülbül, iyi derecede İngilizce bilmektedir.</div>
</div>
</div>
</div>
</div>
</div>
</div>
</td>
</tr>
<tr>
<td bgcolor="#CCCCCC">
<div align="left">Çalışma Alanları:</div>
</td>
<td bgcolor="#F3F3F3">Geometrik Düşünme Alışkanlıkları, Bilgisayar Destekli Geometri Öğretimi, Problem Çözme, Matematik Eğitimi, Geometri Eğitimi</td>
</tr>
<tr>
<td bgcolor="#CCCCCC">
<div align="left">İletişim Bilgileri:</div>
</td>
<td bgcolor="#FFFFFF"></td>
</tr>
<tr>
<td bgcolor="#CCCCCC">E-posta:</td>
<td bgcolor="#F3F3F3">buket.bulbul@cbu.edu.tr</td>
</tr>
<tr>
<td bgcolor="#CCCCCC">
<div align="left">Web Adresi:</div>
</td>
<td bgcolor="#FFFFFF"></td>
</tr>
</tbody>
</table>
<p style="text-align: right;">

<p>Dr. Öğr. Üyesi Buket Özüm BÜLBÜL 20 Mart 1988 tarihinde Sivas merkezde doğdu. İlk, orta ve lise öğrenimini bu şehirde tamamladı. 2005 yılında Trabzon Karadeniz Teknik Üniversitesi Fatih Eğitim Fakültesi İlköğretim Matematik Öğretmenliği’nde öğrenimine başladı. 2008-2009 öğretim yılında bölüm birinciliği ile mezun oldu. Aynı yıl, Karadeniz Teknik Üniversitesi Ortaöğretim Fen ve Matematik Eğitimi Anabilim Dalı, [&hellip;]</p>
