{"id":1127,"date":"2014-09-08T15:01:54","date_gmt":"2014-09-08T15:01:54","guid":{"rendered":"http:\/\/bilmat.org\/calisma_grubu\/?page_id=1127"},"modified":"2020-12-26T12:22:55","modified_gmt":"2020-12-26T12:22:55","slug":"doc-dr-suphi-onder-butuner","status":"publish","type":"page","link":"https:\/\/bilmat.org\/calisma_grubu\/doc-dr-suphi-onder-butuner\/","title":{"rendered":"Do\u00e7. Dr. Suphi \u00d6nder B\u00dcT\u00dcNER"},"content":{"rendered":"<table border=\"0\" width=\"100%\" cellspacing=\"1\" cellpadding=\"1\" align=\"left\" bgcolor=\"#CCCCCC\">\n<tbody>\n<tr>\n<td bgcolor=\"#CCCCCC\" width=\"116\">\n<div style=\"text-align: left;\" align=\"left\">Do\u00e7. Dr.<\/div>\n<div style=\"text-align: left;\" align=\"left\">Suphi \u00d6nder B\u00dcT\u00dcNER<\/div>\n<div style=\"text-align: left;\" align=\"left\"><\/div>\n<div style=\"text-align: left;\" align=\"left\"><a href=\"http:\/\/bilmat.org\/calisma_grubu\/wp-content\/uploads\/2020\/11\/20201026_183009-SUPH\u0130-\u00d6NDER-B\u00dcT\u00dcNER.jpg\"><img loading=\"lazy\" class=\"aligncenter size-medium wp-image-2308\" src=\"http:\/\/bilmat.org\/calisma_grubu\/wp-content\/uploads\/2020\/11\/20201026_183009-SUPH\u0130-\u00d6NDER-B\u00dcT\u00dcNER-400x300.jpg\" alt=\"20201026_183009 - SUPH\u0130 \u00d6NDER B\u00dcT\u00dcNER\" width=\"300\" height=\"225\" srcset=\"https:\/\/bilmat.org\/calisma_grubu\/wp-content\/uploads\/2020\/11\/20201026_183009-SUPH\u0130-\u00d6NDER-B\u00dcT\u00dcNER-400x300.jpg 400w, https:\/\/bilmat.org\/calisma_grubu\/wp-content\/uploads\/2020\/11\/20201026_183009-SUPH\u0130-\u00d6NDER-B\u00dcT\u00dcNER-250x188.jpg 250w, https:\/\/bilmat.org\/calisma_grubu\/wp-content\/uploads\/2020\/11\/20201026_183009-SUPH\u0130-\u00d6NDER-B\u00dcT\u00dcNER-768x576.jpg 768w, https:\/\/bilmat.org\/calisma_grubu\/wp-content\/uploads\/2020\/11\/20201026_183009-SUPH\u0130-\u00d6NDER-B\u00dcT\u00dcNER-650x488.jpg 650w, https:\/\/bilmat.org\/calisma_grubu\/wp-content\/uploads\/2020\/11\/20201026_183009-SUPH\u0130-\u00d6NDER-B\u00dcT\u00dcNER-150x113.jpg 150w, https:\/\/bilmat.org\/calisma_grubu\/wp-content\/uploads\/2020\/11\/20201026_183009-SUPH\u0130-\u00d6NDER-B\u00dcT\u00dcNER-50x38.jpg 50w, https:\/\/bilmat.org\/calisma_grubu\/wp-content\/uploads\/2020\/11\/20201026_183009-SUPH\u0130-\u00d6NDER-B\u00dcT\u00dcNER-100x75.jpg 100w, https:\/\/bilmat.org\/calisma_grubu\/wp-content\/uploads\/2020\/11\/20201026_183009-SUPH\u0130-\u00d6NDER-B\u00dcT\u00dcNER-200x150.jpg 200w, https:\/\/bilmat.org\/calisma_grubu\/wp-content\/uploads\/2020\/11\/20201026_183009-SUPH\u0130-\u00d6NDER-B\u00dcT\u00dcNER-300x225.jpg 300w, https:\/\/bilmat.org\/calisma_grubu\/wp-content\/uploads\/2020\/11\/20201026_183009-SUPH\u0130-\u00d6NDER-B\u00dcT\u00dcNER-350x263.jpg 350w, https:\/\/bilmat.org\/calisma_grubu\/wp-content\/uploads\/2020\/11\/20201026_183009-SUPH\u0130-\u00d6NDER-B\u00dcT\u00dcNER-450x338.jpg 450w, https:\/\/bilmat.org\/calisma_grubu\/wp-content\/uploads\/2020\/11\/20201026_183009-SUPH\u0130-\u00d6NDER-B\u00dcT\u00dcNER-500x375.jpg 500w, https:\/\/bilmat.org\/calisma_grubu\/wp-content\/uploads\/2020\/11\/20201026_183009-SUPH\u0130-\u00d6NDER-B\u00dcT\u00dcNER-550x413.jpg 550w, https:\/\/bilmat.org\/calisma_grubu\/wp-content\/uploads\/2020\/11\/20201026_183009-SUPH\u0130-\u00d6NDER-B\u00dcT\u00dcNER-800x600.jpg 800w, https:\/\/bilmat.org\/calisma_grubu\/wp-content\/uploads\/2020\/11\/20201026_183009-SUPH\u0130-\u00d6NDER-B\u00dcT\u00dcNER-1200x900.jpg 1200w, https:\/\/bilmat.org\/calisma_grubu\/wp-content\/uploads\/2020\/11\/20201026_183009-SUPH\u0130-\u00d6NDER-B\u00dcT\u00dcNER-1600x1200.jpg 1600w, https:\/\/bilmat.org\/calisma_grubu\/wp-content\/uploads\/2020\/11\/20201026_183009-SUPH\u0130-\u00d6NDER-B\u00dcT\u00dcNER-2000x1500.jpg 2000w\" sizes=\"(max-width: 300px) 100vw, 300px\" \/><\/a><\/div>\n<p><img class=\"thumbnail\" src=\"http:\/\/bilmat.org\/calisma_grubu\/wp-content\/uploads\/2014\/09\/sb.png\" alt=\"\" \/><\/td>\n<td valign=\"top\" bgcolor=\"#FFFFFF\">\n<div align=\"left\">\n<div align=\"left\">\n<div align=\"left\">\n<div align=\"left\">\n<div align=\"left\"><\/div>\n<div align=\"justify\">\n<p>Bal\u0131kesir \u00dcniversitesi Necatibey \u00dcniversitesi \u0130lk\u00f6\u011fretim Matematik \u00f6\u011fretmenli\u011fi program\u0131ndan 2002 y\u0131l\u0131nda mezunda oldu. Yuksek.lisans e\u011fitimini Bal\u0131kesir \u00fcniversitesinde 2006 y\u0131l\u0131nda, doktora egitimini Karadeniz Teknik Universitesi ilk\u00f6\u011fretim.matematik \u00f6\u011fretmenli\u011fi programinda 2014 y\u0131l\u0131nda tamamlad\u0131. Istanbul, Bal\u0131kesir ve Trabzon illerinde toplam 13 y\u0131l boyunca matematik \u00f6\u011fretmeni olarak g\u00f6rev yapt\u0131. \u015eu an Yozgat Bozok \u00dcniversitesi Matematik Egitimi anabilim dal\u0131nda Dr. \u00d6\u011fr \u00fcyesi olarak g\u00f6rev yapmaktad\u0131r.<\/p>\n<\/div>\n<\/div>\n<\/div>\n<\/div>\n<\/div>\n<\/td>\n<\/tr>\n<tr>\n<td bgcolor=\"#CCCCCC\">\n<div align=\"left\">\u00c7al\u0131\u015fma Alanlar\u0131:<\/div>\n<\/td>\n<td bgcolor=\"#F3F3F3\">Matematik \u00d6\u011fretimi, Matematik Tarihi, \u00d6l\u00e7ek Geli\u015ftirme, Meta-Analiz<\/td>\n<\/tr>\n<tr>\n<td bgcolor=\"#CCCCCC\">\n<div align=\"left\">\u0130leti\u015fim Bilgileri:<\/div>\n<\/td>\n<td bgcolor=\"#FFFFFF\"><\/td>\n<\/tr>\n<tr>\n<td bgcolor=\"#CCCCCC\">E-posta:<\/td>\n<td bgcolor=\"#F3F3F3\">onderbutuner@mynet.com<\/td>\n<\/tr>\n<tr>\n<td bgcolor=\"#CCCCCC\">\n<div align=\"left\">Web Adresi:<\/div>\n<\/td>\n<td bgcolor=\"#FFFFFF\"><\/td>\n<\/tr>\n<\/tbody>\n<\/table>\n<p style=\"text-align: right;\">\n","protected":false},"excerpt":{"rendered":"<p>Do\u00e7. Dr. Suphi \u00d6nder B\u00dcT\u00dcNER Bal\u0131kesir \u00dcniversitesi Necatibey \u00dcniversitesi \u0130lk\u00f6\u011fretim Matematik \u00f6\u011fretmenli\u011fi program\u0131ndan 2002 y\u0131l\u0131nda mezunda oldu. Yuksek.lisans e\u011fitimini Bal\u0131kesir \u00fcniversitesinde 2006 y\u0131l\u0131nda, doktora egitimini Karadeniz Teknik Universitesi ilk\u00f6\u011fretim.matematik \u00f6\u011fretmenli\u011fi programinda 2014 y\u0131l\u0131nda tamamlad\u0131. Istanbul, Bal\u0131kesir ve Trabzon illerinde toplam 13 y\u0131l boyunca matematik \u00f6\u011fretmeni olarak g\u00f6rev yapt\u0131. \u015eu an Yozgat Bozok \u00dcniversitesi Matematik Egitimi [&hellip;]<\/p>\n","protected":false},"author":1,"featured_media":0,"parent":0,"menu_order":0,"comment_status":"closed","ping_status":"closed","template":"","meta":[],"_links":{"self":[{"href":"https:\/\/bilmat.org\/calisma_grubu\/wp-json\/wp\/v2\/pages\/1127"}],"collection":[{"href":"https:\/\/bilmat.org\/calisma_grubu\/wp-json\/wp\/v2\/pages"}],"about":[{"href":"https:\/\/bilmat.org\/calisma_grubu\/wp-json\/wp\/v2\/types\/page"}],"author":[{"embeddable":true,"href":"https:\/\/bilmat.org\/calisma_grubu\/wp-json\/wp\/v2\/users\/1"}],"replies":[{"embeddable":true,"href":"https:\/\/bilmat.org\/calisma_grubu\/wp-json\/wp\/v2\/comments?post=1127"}],"version-history":[{"count":7,"href":"https:\/\/bilmat.org\/calisma_grubu\/wp-json\/wp\/v2\/pages\/1127\/revisions"}],"predecessor-version":[{"id":2385,"href":"https:\/\/bilmat.org\/calisma_grubu\/wp-json\/wp\/v2\/pages\/1127\/revisions\/2385"}],"wp:attachment":[{"href":"https:\/\/bilmat.org\/calisma_grubu\/wp-json\/wp\/v2\/media?parent=1127"}],"curies":[{"name":"wp","href":"https:\/\/api.w.org\/{rel}","templated":true}]}}