{"id":1136,"date":"2014-09-17T20:59:51","date_gmt":"2014-09-17T20:59:51","guid":{"rendered":"http:\/\/bilmat.org\/calisma_grubu\/?page_id=1136"},"modified":"2020-11-23T18:59:37","modified_gmt":"2020-11-23T18:59:37","slug":"dr-ogr-uyesi-selcen-calik-uzun","status":"publish","type":"page","link":"https:\/\/bilmat.org\/calisma_grubu\/dr-ogr-uyesi-selcen-calik-uzun\/","title":{"rendered":"Dr. \u00d6\u011fr. \u00dcyesi Selcen \u00c7ALIK UZUN"},"content":{"rendered":"<table border=\"0\" width=\"100%\" cellspacing=\"1\" cellpadding=\"1\" align=\"left\" bgcolor=\"#CCCCCC\">\n<tbody>\n<tr>\n<td bgcolor=\"#CCCCCC\" width=\"116\">\n<div style=\"text-align: left;\" align=\"left\"><a href=\"http:\/\/bilmat.org\/calisma_grubu\/wp-content\/uploads\/2020\/11\/Selcen-\u00c7al\u0131k-UZUN-profil-Foto_Bilmat-Selcen-\u00c7al\u0131k-Uzun.jpeg\"><img loading=\"lazy\" class=\"aligncenter size-medium wp-image-2329\" src=\"http:\/\/bilmat.org\/calisma_grubu\/wp-content\/uploads\/2020\/11\/Selcen-\u00c7al\u0131k-UZUN-profil-Foto_Bilmat-Selcen-\u00c7al\u0131k-Uzun-400x532.jpeg\" alt=\"Selcen \u00c7al\u0131k UZUN profil Foto_Bilmat - Selcen \u00c7al\u0131k Uzun\" width=\"226\" height=\"300\" srcset=\"https:\/\/bilmat.org\/calisma_grubu\/wp-content\/uploads\/2020\/11\/Selcen-\u00c7al\u0131k-UZUN-profil-Foto_Bilmat-Selcen-\u00c7al\u0131k-Uzun-400x532.jpeg 400w, https:\/\/bilmat.org\/calisma_grubu\/wp-content\/uploads\/2020\/11\/Selcen-\u00c7al\u0131k-UZUN-profil-Foto_Bilmat-Selcen-\u00c7al\u0131k-Uzun-250x333.jpeg 250w, https:\/\/bilmat.org\/calisma_grubu\/wp-content\/uploads\/2020\/11\/Selcen-\u00c7al\u0131k-UZUN-profil-Foto_Bilmat-Selcen-\u00c7al\u0131k-Uzun-768x1022.jpeg 768w, https:\/\/bilmat.org\/calisma_grubu\/wp-content\/uploads\/2020\/11\/Selcen-\u00c7al\u0131k-UZUN-profil-Foto_Bilmat-Selcen-\u00c7al\u0131k-Uzun-650x865.jpeg 650w, https:\/\/bilmat.org\/calisma_grubu\/wp-content\/uploads\/2020\/11\/Selcen-\u00c7al\u0131k-UZUN-profil-Foto_Bilmat-Selcen-\u00c7al\u0131k-Uzun-150x200.jpeg 150w, https:\/\/bilmat.org\/calisma_grubu\/wp-content\/uploads\/2020\/11\/Selcen-\u00c7al\u0131k-UZUN-profil-Foto_Bilmat-Selcen-\u00c7al\u0131k-Uzun-50x67.jpeg 50w, https:\/\/bilmat.org\/calisma_grubu\/wp-content\/uploads\/2020\/11\/Selcen-\u00c7al\u0131k-UZUN-profil-Foto_Bilmat-Selcen-\u00c7al\u0131k-Uzun-100x133.jpeg 100w, https:\/\/bilmat.org\/calisma_grubu\/wp-content\/uploads\/2020\/11\/Selcen-\u00c7al\u0131k-UZUN-profil-Foto_Bilmat-Selcen-\u00c7al\u0131k-Uzun-200x266.jpeg 200w, https:\/\/bilmat.org\/calisma_grubu\/wp-content\/uploads\/2020\/11\/Selcen-\u00c7al\u0131k-UZUN-profil-Foto_Bilmat-Selcen-\u00c7al\u0131k-Uzun-300x399.jpeg 300w, https:\/\/bilmat.org\/calisma_grubu\/wp-content\/uploads\/2020\/11\/Selcen-\u00c7al\u0131k-UZUN-profil-Foto_Bilmat-Selcen-\u00c7al\u0131k-Uzun-350x466.jpeg 350w, https:\/\/bilmat.org\/calisma_grubu\/wp-content\/uploads\/2020\/11\/Selcen-\u00c7al\u0131k-UZUN-profil-Foto_Bilmat-Selcen-\u00c7al\u0131k-Uzun-450x599.jpeg 450w, https:\/\/bilmat.org\/calisma_grubu\/wp-content\/uploads\/2020\/11\/Selcen-\u00c7al\u0131k-UZUN-profil-Foto_Bilmat-Selcen-\u00c7al\u0131k-Uzun-500x666.jpeg 500w, https:\/\/bilmat.org\/calisma_grubu\/wp-content\/uploads\/2020\/11\/Selcen-\u00c7al\u0131k-UZUN-profil-Foto_Bilmat-Selcen-\u00c7al\u0131k-Uzun-550x732.jpeg 550w, https:\/\/bilmat.org\/calisma_grubu\/wp-content\/uploads\/2020\/11\/Selcen-\u00c7al\u0131k-UZUN-profil-Foto_Bilmat-Selcen-\u00c7al\u0131k-Uzun-800x1065.jpeg 800w, https:\/\/bilmat.org\/calisma_grubu\/wp-content\/uploads\/2020\/11\/Selcen-\u00c7al\u0131k-UZUN-profil-Foto_Bilmat-Selcen-\u00c7al\u0131k-Uzun-1200x1597.jpeg 1200w, https:\/\/bilmat.org\/calisma_grubu\/wp-content\/uploads\/2020\/11\/Selcen-\u00c7al\u0131k-UZUN-profil-Foto_Bilmat-Selcen-\u00c7al\u0131k-Uzun.jpeg 1202w\" sizes=\"(max-width: 226px) 100vw, 226px\" \/><\/a><\/div>\n<p><img class=\"thumbnail\" src=\"http:\/\/bilmat.org\/calisma_grubu\/wp-content\/uploads\/2014\/09\/selcen.png\" alt=\"\" \/><\/td>\n<td valign=\"top\" bgcolor=\"#FFFFFF\">\n<div align=\"left\">\n<div align=\"left\">\n<div align=\"left\">\n<div align=\"left\">\n<div align=\"left\">\n<div align=\"left\">\n<div align=\"left\">\n<div align=\"left\"><\/div>\n<div align=\"justify\">\n<p>13.03.1981 tarihinde do\u011fdu. \u0130lk ve orta \u00f6\u011frenimini \u00e7e\u015fitli illerde tamamlad\u0131ktan sonra 1999 y\u0131l\u0131nda Karadeniz Teknik \u00dcniversitesi Fatih E\u011fitim Fak\u00fcltesi \u0130lk\u00f6\u011fretim B\u00f6l\u00fcm\u00fc Matematik \u00d6\u011fretmenli\u011fi Program\u0131na girdi. B\u00f6l\u00fcmden 2003 mezun olup, ayn\u0131 sene Trabzon K\u00f6pr\u00fcba\u015f\u0131 \u00c7iftek\u00f6pr\u00fc \u0130lk\u00f6\u011fretim Okulu\u2019na \u00f6\u011fretmen olarak atand\u0131. Ayn\u0131 zamanda KT\u00dc Fen Bilimleri Enstit\u00fcs\u00fc Matematik E\u011fitimi alan\u0131nda y\u00fcksek lisans e\u011fitimine ba\u015flad\u0131. 2004 y\u0131l\u0131nda a\u00e7\u0131lan s\u0131nav\u0131 kazanarak KT\u00dc Artvin E\u011fitim Fak\u00fcltesi \u0130lk\u00f6\u011fretim B\u00f6l\u00fcm\u00fc S\u0131n\u0131f \u00d6\u011fretmenli\u011fi Ana Bilim Dal\u0131 Ara\u015ft\u0131rma G\u00f6revlisi kadrosuna ge\u00e7ti. 2005\u20132006 akademik y\u0131l\u0131 g\u00fcz d\u00f6neminde KT\u00dc Fen Bilimleri Enstit\u00fcs\u00fc Matematik E\u011fitimi Doktora Program\u0131na ge\u00e7i\u015f yapt\u0131. 2012 y\u0131l\u0131nda doktor unvan\u0131 alan Uzun, 2007 y\u0131l\u0131nda Artvin \u00c7oruh \u00dcniversitesi b\u00fcnyesine al\u0131n\u0131n E\u011fitim Fak\u00fcltesi\u2019ndeki g\u00f6revine devam etmektedir. Orta derecede \u0130ngilizce bilmektedir. Evli ve 3 \u00e7ocuk annesidir.<\/p>\n<\/div>\n<\/div>\n<\/div>\n<\/div>\n<\/div>\n<\/div>\n<\/div>\n<\/div>\n<\/td>\n<\/tr>\n<tr>\n<td bgcolor=\"#CCCCCC\">\n<div align=\"left\">\u00c7al\u0131\u015fma Alanlar\u0131:<\/div>\n<\/td>\n<td bgcolor=\"#F3F3F3\">Matematik E\u011fitimi, \u00f6\u011fretmen yeti\u015ftirme, \u00f6\u011frencilerin matematiksel anlay\u0131\u015flar\u0131<\/td>\n<\/tr>\n<tr>\n<td bgcolor=\"#CCCCCC\">\n<div align=\"left\">\u0130leti\u015fim Bilgileri:<\/div>\n<\/td>\n<td bgcolor=\"#FFFFFF\"><\/td>\n<\/tr>\n<tr>\n<td bgcolor=\"#CCCCCC\">E-posta:<\/td>\n<td bgcolor=\"#F3F3F3\">sclkuzun@artvin.edu.tr<\/td>\n<\/tr>\n<tr>\n<td bgcolor=\"#CCCCCC\">\n<div align=\"left\">Web Adresi:<\/div>\n<\/td>\n<td bgcolor=\"#FFFFFF\"><\/td>\n<\/tr>\n<\/tbody>\n<\/table>\n<p style=\"text-align: right;\">\n","protected":false},"excerpt":{"rendered":"<p>13.03.1981 tarihinde do\u011fdu. \u0130lk ve orta \u00f6\u011frenimini \u00e7e\u015fitli illerde tamamlad\u0131ktan sonra 1999 y\u0131l\u0131nda Karadeniz Teknik \u00dcniversitesi Fatih E\u011fitim Fak\u00fcltesi \u0130lk\u00f6\u011fretim B\u00f6l\u00fcm\u00fc Matematik \u00d6\u011fretmenli\u011fi Program\u0131na girdi. B\u00f6l\u00fcmden 2003 mezun olup, ayn\u0131 sene Trabzon K\u00f6pr\u00fcba\u015f\u0131 \u00c7iftek\u00f6pr\u00fc \u0130lk\u00f6\u011fretim Okulu\u2019na \u00f6\u011fretmen olarak atand\u0131. Ayn\u0131 zamanda KT\u00dc Fen Bilimleri Enstit\u00fcs\u00fc Matematik E\u011fitimi alan\u0131nda y\u00fcksek lisans e\u011fitimine ba\u015flad\u0131. 2004 y\u0131l\u0131nda a\u00e7\u0131lan [&hellip;]<\/p>\n","protected":false},"author":1,"featured_media":0,"parent":0,"menu_order":0,"comment_status":"open","ping_status":"open","template":"","meta":[],"_links":{"self":[{"href":"https:\/\/bilmat.org\/calisma_grubu\/wp-json\/wp\/v2\/pages\/1136"}],"collection":[{"href":"https:\/\/bilmat.org\/calisma_grubu\/wp-json\/wp\/v2\/pages"}],"about":[{"href":"https:\/\/bilmat.org\/calisma_grubu\/wp-json\/wp\/v2\/types\/page"}],"author":[{"embeddable":true,"href":"https:\/\/bilmat.org\/calisma_grubu\/wp-json\/wp\/v2\/users\/1"}],"replies":[{"embeddable":true,"href":"https:\/\/bilmat.org\/calisma_grubu\/wp-json\/wp\/v2\/comments?post=1136"}],"version-history":[{"count":6,"href":"https:\/\/bilmat.org\/calisma_grubu\/wp-json\/wp\/v2\/pages\/1136\/revisions"}],"predecessor-version":[{"id":2375,"href":"https:\/\/bilmat.org\/calisma_grubu\/wp-json\/wp\/v2\/pages\/1136\/revisions\/2375"}],"wp:attachment":[{"href":"https:\/\/bilmat.org\/calisma_grubu\/wp-json\/wp\/v2\/media?parent=1136"}],"curies":[{"name":"wp","href":"https:\/\/api.w.org\/{rel}","templated":true}]}}