{"id":1188,"date":"2014-09-18T17:42:18","date_gmt":"2014-09-18T17:42:18","guid":{"rendered":"http:\/\/bilmat.org\/calisma_grubu\/?page_id=1188"},"modified":"2021-01-04T04:01:43","modified_gmt":"2021-01-04T04:01:43","slug":"ars-gor-dr-sedef-celik","status":"publish","type":"page","link":"https:\/\/bilmat.org\/calisma_grubu\/ars-gor-dr-sedef-celik\/","title":{"rendered":"Ar\u015f. G\u00f6r. Dr. Sedef \u00c7EL\u0130K"},"content":{"rendered":"<table border=\"0\" width=\"100%\" cellspacing=\"1\" cellpadding=\"1\" align=\"left\" bgcolor=\"#CCCCCC\">\n<tbody>\n<tr>\n<td bgcolor=\"#CCCCCC\" width=\"116\">\n<div style=\"text-align: left;\" align=\"left\">Ar\u015f. G\u00f6r. Dr. Sedef \u00c7EL\u0130K<a href=\"http:\/\/bilmat.org\/calisma_grubu\/wp-content\/uploads\/2020\/11\/sedef-\u00e7elik-sedef-celik.jpg\"><img loading=\"lazy\" class=\"aligncenter size-medium wp-image-2327\" src=\"http:\/\/bilmat.org\/calisma_grubu\/wp-content\/uploads\/2020\/11\/sedef-\u00e7elik-sedef-celik-400x532.jpg\" alt=\"sedef \u00e7elik - sedef celik\" width=\"226\" height=\"300\" srcset=\"https:\/\/bilmat.org\/calisma_grubu\/wp-content\/uploads\/2020\/11\/sedef-\u00e7elik-sedef-celik-400x532.jpg 400w, https:\/\/bilmat.org\/calisma_grubu\/wp-content\/uploads\/2020\/11\/sedef-\u00e7elik-sedef-celik-250x333.jpg 250w, https:\/\/bilmat.org\/calisma_grubu\/wp-content\/uploads\/2020\/11\/sedef-\u00e7elik-sedef-celik-150x200.jpg 150w, https:\/\/bilmat.org\/calisma_grubu\/wp-content\/uploads\/2020\/11\/sedef-\u00e7elik-sedef-celik-50x67.jpg 50w, https:\/\/bilmat.org\/calisma_grubu\/wp-content\/uploads\/2020\/11\/sedef-\u00e7elik-sedef-celik-100x133.jpg 100w, https:\/\/bilmat.org\/calisma_grubu\/wp-content\/uploads\/2020\/11\/sedef-\u00e7elik-sedef-celik-200x266.jpg 200w, https:\/\/bilmat.org\/calisma_grubu\/wp-content\/uploads\/2020\/11\/sedef-\u00e7elik-sedef-celik-300x399.jpg 300w, https:\/\/bilmat.org\/calisma_grubu\/wp-content\/uploads\/2020\/11\/sedef-\u00e7elik-sedef-celik-350x466.jpg 350w, https:\/\/bilmat.org\/calisma_grubu\/wp-content\/uploads\/2020\/11\/sedef-\u00e7elik-sedef-celik-450x599.jpg 450w, https:\/\/bilmat.org\/calisma_grubu\/wp-content\/uploads\/2020\/11\/sedef-\u00e7elik-sedef-celik.jpg 481w\" sizes=\"(max-width: 226px) 100vw, 226px\" \/><\/a><\/div>\n<p><img class=\"thumbnail\" src=\"http:\/\/bilmat.org\/calisma_grubu\/wp-content\/uploads\/2014\/09\/asd-700x712.png\" alt=\"\" \/><\/td>\n<td valign=\"top\" bgcolor=\"#FFFFFF\">\n<div align=\"left\">\n<div align=\"left\">\n<div align=\"left\">\n<div align=\"left\">\n<div align=\"left\">\n<div align=\"left\">\n<div align=\"left\">\n<div align=\"left\"><\/div>\n<div align=\"left\">1986 y\u0131l\u0131nda Ankara\u2019 da do\u011fdu. \u0130lk ve orta\u00f6\u011frenimini Eski\u015fehir\u2019 de tamamlad\u0131. 2005 y\u0131l\u0131nda kazand\u0131\u011f\u0131 Eski\u015fehir Osmangazi \u00dcniversitesi, \u0130lk\u00f6\u011fretim matematik \u00f6\u011fretmenli\u011fi program\u0131n\u0131 2009 y\u0131l\u0131nda tamamlad\u0131. Ayn\u0131 \u00fcniversitede 2013 y\u0131l\u0131nda matematik e\u011fitimi alan\u0131nda y\u00fcksek lisans\u0131n\u0131 tamamlad\u0131. Doktora program\u0131n\u0131 ise Karadeniz Teknik \u00dcniversitesi, Orta \u00d6\u011fretim Fen ve Matematik Alanlar\u0131 E\u011fitimi Anabilim dal\u0131, Matematik E\u011fitimi&#8217;nde 2019 y\u0131l\u0131nda tamamlad\u0131. Ayn\u0131 zamanda 2012 y\u0131l\u0131ndan beri Artvin \u00c7oruh \u00dcniversitesi, E\u011fitim Fak\u00fcltesi, Matematik E\u011fitimi&#8217;nde ara\u015ft\u0131rma g\u00f6revlisi olarak \u00e7al\u0131\u015fmaktad\u0131r.<\/div>\n<\/div>\n<\/div>\n<\/div>\n<\/div>\n<\/div>\n<\/div>\n<\/div>\n<\/td>\n<\/tr>\n<tr>\n<td bgcolor=\"#CCCCCC\">\n<div align=\"left\">\u00c7al\u0131\u015fma Alanlar\u0131:<\/div>\n<\/td>\n<td bgcolor=\"#F3F3F3\">\u00a0Matematiksel ileti\u015fim, matematiksel s\u00f6ylem, matematiksel dil.<\/td>\n<\/tr>\n<tr>\n<td bgcolor=\"#CCCCCC\">\n<div align=\"left\">\u0130leti\u015fim Bilgileri:<\/div>\n<\/td>\n<td bgcolor=\"#FFFFFF\">Artvin \u00c7oruh \u00dcniversitesi, E\u011fitim Fak\u00fcltesi, \u0130lk\u00f6\u011fretim B\u00f6l\u00fcm\u00fc<\/td>\n<\/tr>\n<tr>\n<td bgcolor=\"#CCCCCC\">E-posta:<\/td>\n<td bgcolor=\"#F3F3F3\">sedefcelik@artvin.edu.tr<\/td>\n<\/tr>\n<tr>\n<td bgcolor=\"#CCCCCC\">\n<div align=\"left\">Web Adresi:<\/div>\n<\/td>\n<td bgcolor=\"#FFFFFF\"><a href=\"http:\/\/www.artvin.edu.tr\/tr-profil-goster-128-sedef_celik.html \" target=\"_blank\">http:\/\/www.artvin.edu.tr\/<\/a><\/td>\n<\/tr>\n<\/tbody>\n<\/table>\n<p style=\"text-align: right;\">\n","protected":false},"excerpt":{"rendered":"<p>Ar\u015f. G\u00f6r. Dr. Sedef \u00c7EL\u0130K 1986 y\u0131l\u0131nda Ankara\u2019 da do\u011fdu. \u0130lk ve orta\u00f6\u011frenimini Eski\u015fehir\u2019 de tamamlad\u0131. 2005 y\u0131l\u0131nda kazand\u0131\u011f\u0131 Eski\u015fehir Osmangazi \u00dcniversitesi, \u0130lk\u00f6\u011fretim matematik \u00f6\u011fretmenli\u011fi program\u0131n\u0131 2009 y\u0131l\u0131nda tamamlad\u0131. Ayn\u0131 \u00fcniversitede 2013 y\u0131l\u0131nda matematik e\u011fitimi alan\u0131nda y\u00fcksek lisans\u0131n\u0131 tamamlad\u0131. Doktora program\u0131n\u0131 ise Karadeniz Teknik \u00dcniversitesi, Orta \u00d6\u011fretim Fen ve Matematik Alanlar\u0131 E\u011fitimi Anabilim dal\u0131, Matematik [&hellip;]<\/p>\n","protected":false},"author":1,"featured_media":0,"parent":0,"menu_order":0,"comment_status":"closed","ping_status":"closed","template":"","meta":[],"_links":{"self":[{"href":"https:\/\/bilmat.org\/calisma_grubu\/wp-json\/wp\/v2\/pages\/1188"}],"collection":[{"href":"https:\/\/bilmat.org\/calisma_grubu\/wp-json\/wp\/v2\/pages"}],"about":[{"href":"https:\/\/bilmat.org\/calisma_grubu\/wp-json\/wp\/v2\/types\/page"}],"author":[{"embeddable":true,"href":"https:\/\/bilmat.org\/calisma_grubu\/wp-json\/wp\/v2\/users\/1"}],"replies":[{"embeddable":true,"href":"https:\/\/bilmat.org\/calisma_grubu\/wp-json\/wp\/v2\/comments?post=1188"}],"version-history":[{"count":5,"href":"https:\/\/bilmat.org\/calisma_grubu\/wp-json\/wp\/v2\/pages\/1188\/revisions"}],"predecessor-version":[{"id":2427,"href":"https:\/\/bilmat.org\/calisma_grubu\/wp-json\/wp\/v2\/pages\/1188\/revisions\/2427"}],"wp:attachment":[{"href":"https:\/\/bilmat.org\/calisma_grubu\/wp-json\/wp\/v2\/media?parent=1188"}],"curies":[{"name":"wp","href":"https:\/\/api.w.org\/{rel}","templated":true}]}}

Arş. Gör. Dr. Sedef ÇELİK

<table border="0" width="100%" cellspacing="1" cellpadding="1" align="left" bgcolor="#CCCCCC">
<tbody>
<tr>
<td bgcolor="#CCCCCC" width="116">
<div style="text-align: left;" align="left">Arş. Gör. Dr. Sedef ÇELİK<a href="http://bilmat.org/calisma_grubu/wp-content/uploads/2020/11/sedef-çelik-sedef-celik.jpg"><img loading="lazy" class="aligncenter size-medium wp-image-2327" src="http://bilmat.org/calisma_grubu/wp-content/uploads/2020/11/sedef-çelik-sedef-celik-400x532.jpg" alt="sedef çelik - sedef celik" width="226" height="300" srcset="https://bilmat.org/calisma_grubu/wp-content/uploads/2020/11/sedef-çelik-sedef-celik-400x532.jpg 400w, https://bilmat.org/calisma_grubu/wp-content/uploads/2020/11/sedef-çelik-sedef-celik-250x333.jpg 250w, https://bilmat.org/calisma_grubu/wp-content/uploads/2020/11/sedef-çelik-sedef-celik-150x200.jpg 150w, https://bilmat.org/calisma_grubu/wp-content/uploads/2020/11/sedef-çelik-sedef-celik-50x67.jpg 50w, https://bilmat.org/calisma_grubu/wp-content/uploads/2020/11/sedef-çelik-sedef-celik-100x133.jpg 100w, https://bilmat.org/calisma_grubu/wp-content/uploads/2020/11/sedef-çelik-sedef-celik-200x266.jpg 200w, https://bilmat.org/calisma_grubu/wp-content/uploads/2020/11/sedef-çelik-sedef-celik-300x399.jpg 300w, https://bilmat.org/calisma_grubu/wp-content/uploads/2020/11/sedef-çelik-sedef-celik-350x466.jpg 350w, https://bilmat.org/calisma_grubu/wp-content/uploads/2020/11/sedef-çelik-sedef-celik-450x599.jpg 450w, https://bilmat.org/calisma_grubu/wp-content/uploads/2020/11/sedef-çelik-sedef-celik.jpg 481w" sizes="(max-width: 226px) 100vw, 226px" /></a></div>
<p><img class="thumbnail" src="http://bilmat.org/calisma_grubu/wp-content/uploads/2014/09/asd-700x712.png" alt="" /></td>
<td valign="top" bgcolor="#FFFFFF">
<div align="left">
<div align="left">
<div align="left">
<div align="left">
<div align="left">
<div align="left">
<div align="left">
<div align="left"></div>
<div align="left">1986 yılında Ankara’ da doğdu. İlk ve ortaöğrenimini Eskişehir’ de tamamladı. 2005 yılında kazandığı Eskişehir Osmangazi Üniversitesi, İlköğretim matematik öğretmenliği programını 2009 yılında tamamladı. Aynı üniversitede 2013 yılında matematik eğitimi alanında yüksek lisansını tamamladı. Doktora programını ise Karadeniz Teknik Üniversitesi, Orta Öğretim Fen ve Matematik Alanları Eğitimi Anabilim dalı, Matematik Eğitimi&#8217;nde 2019 yılında tamamladı. Aynı zamanda 2012 yılından beri Artvin Çoruh Üniversitesi, Eğitim Fakültesi, Matematik Eğitimi&#8217;nde araştırma görevlisi olarak çalışmaktadır.</div>
</div>
</div>
</div>
</div>
</div>
</div>
</div>
</td>
</tr>
<tr>
<td bgcolor="#CCCCCC">
<div align="left">Çalışma Alanları:</div>
</td>
<td bgcolor="#F3F3F3"> Matematiksel iletişim, matematiksel söylem, matematiksel dil.</td>
</tr>
<tr>
<td bgcolor="#CCCCCC">
<div align="left">İletişim Bilgileri:</div>
</td>
<td bgcolor="#FFFFFF">Artvin Çoruh Üniversitesi, Eğitim Fakültesi, İlköğretim Bölümü</td>
</tr>
<tr>
<td bgcolor="#CCCCCC">E-posta:</td>
<td bgcolor="#F3F3F3">sedefcelik@artvin.edu.tr</td>
</tr>
<tr>
<td bgcolor="#CCCCCC">
<div align="left">Web Adresi:</div>
</td>
<td bgcolor="#FFFFFF"><a href="http://www.artvin.edu.tr/tr-profil-goster-128-sedef_celik.html " target="_blank">http://www.artvin.edu.tr/</a></td>
</tr>
</tbody>
</table>
<p style="text-align: right;">

<p>Arş. Gör. Dr. Sedef ÇELİK 1986 yılında Ankara’ da doğdu. İlk ve ortaöğrenimini Eskişehir’ de tamamladı. 2005 yılında kazandığı Eskişehir Osmangazi Üniversitesi, İlköğretim matematik öğretmenliği programını 2009 yılında tamamladı. Aynı üniversitede 2013 yılında matematik eğitimi alanında yüksek lisansını tamamladı. Doktora programını ise Karadeniz Teknik Üniversitesi, Orta Öğretim Fen ve Matematik Alanları Eğitimi Anabilim dalı, Matematik [&hellip;]</p>
