{"id":2135,"date":"2020-03-04T03:40:47","date_gmt":"2020-03-04T03:40:47","guid":{"rendered":"http:\/\/bilmat.org\/calisma_grubu\/?page_id=2135"},"modified":"2020-03-07T12:35:56","modified_gmt":"2020-03-07T12:35:56","slug":"lisans","status":"publish","type":"page","link":"https:\/\/bilmat.org\/calisma_grubu\/lisans\/","title":{"rendered":"L\u0130SANS"},"content":{"rendered":"<table>\n<tbody>\n<tr>\n<td width=\"604\"><strong>Lisans Dersleri<\/strong><\/td>\n<\/tr>\n<tr>\n<td width=\"604\"><strong>\u00d6zel \u00d6\u011fretim Y\u00f6ntemleri\u00a0<\/strong><\/td>\n<\/tr>\n<tr>\n<td width=\"604\"><i class=\"fas fa-file-powerpoint\"><\/i>\u00a0\u00a0\u00a0\u00a0\u00a0\u00a0\u00a0\u00a0 <a href=\"http:\/\/bilmat.org\/calisma_grubu\/wp-content\/uploads\/2013\/11\/OOY1.ppt\">\u00d6\u00d6Y1<\/a><\/td>\n<\/tr>\n<tr>\n<td width=\"604\"><i class=\"fas fa-file-powerpoint\"><\/i>\u00a0\u00a0\u00a0\u00a0\u00a0\u00a0\u00a0\u00a0 <a href=\"http:\/\/bilmat.org\/calisma_grubu\/wp-content\/uploads\/2013\/11\/OOY2.ppt\">\u00d6\u00d6Y2<\/a><\/td>\n<\/tr>\n<tr>\n<td width=\"604\"><i class=\"fas fa-file-powerpoint\"><\/i>\u00a0\u00a0\u00a0\u00a0\u00a0\u00a0\u00a0\u00a0 <a href=\"http:\/\/bilmat.org\/calisma_grubu\/wp-content\/uploads\/2013\/11\/OOY3.pptx\">\u00d6\u00d6Y3<\/a><\/td>\n<\/tr>\n<tr>\n<td width=\"604\"><i class=\"fas fa-file-powerpoint\"><\/i>\u00a0\u00a0\u00a0\u00a0\u00a0\u00a0\u00a0\u00a0 <a href=\"http:\/\/bilmat.org\/calisma_grubu\/wp-content\/uploads\/2013\/11\/OOY4.pptx\">\u00d6\u00d6Y4<\/a><\/td>\n<\/tr>\n<tr>\n<td width=\"604\"><i class=\"fas fa-file-powerpoint\"><\/i>\u00a0\u00a0\u00a0\u00a0\u00a0\u00a0\u00a0\u00a0 <a href=\"http:\/\/bilmat.org\/calisma_grubu\/wp-content\/uploads\/2013\/11\/OOY5.ppt\">\u00d6\u00d6Y5<\/a><\/td>\n<\/tr>\n<tr>\n<td width=\"604\"><i class=\"fas fa-file-powerpoint\"><\/i>\u00a0\u00a0\u00a0\u00a0\u00a0\u00a0\u00a0\u00a0 <a href=\"http:\/\/bilmat.org\/calisma_grubu\/wp-content\/uploads\/2013\/11\/OOY6.ppt\">\u00d6\u00d6Y6<\/a><\/td>\n<\/tr>\n<tr>\n<td width=\"604\"><i class=\"fas fa-file-powerpoint\"><\/i>\u00a0\u00a0\u00a0\u00a0\u00a0\u00a0\u00a0\u00a0 <a href=\"http:\/\/bilmat.org\/calisma_grubu\/wp-content\/uploads\/2013\/11\/OOY7.pptx\">\u00d6\u00d6Y7<\/a><\/td>\n<\/tr>\n<tr>\n<td width=\"604\"><i class=\"fas fa-file-powerpoint\"><\/i>\u00a0\u00a0\u00a0\u00a0\u00a0\u00a0\u00a0\u00a0 <a href=\"http:\/\/bilmat.org\/calisma_grubu\/wp-content\/uploads\/2013\/11\/OOY8.ppt\">\u00d6\u00d6Y8<\/a><\/td>\n<\/tr>\n<tr>\n<td width=\"604\"><i class=\"fas fa-file-powerpoint\"><\/i>\u00a0\u00a0\u00a0\u00a0\u00a0\u00a0\u00a0\u00a0 <a href=\"http:\/\/bilmat.org\/calisma_grubu\/wp-content\/uploads\/2013\/11\/OOY9.ppt\">\u00d6\u00d6Y9<\/a><\/td>\n<\/tr>\n<tr>\n<td width=\"604\"><strong>Matematik Tarihi<\/strong><\/td>\n<\/tr>\n<tr>\n<td width=\"604\"><i class=\"fas fa-file-powerpoint\"><\/i>\u00a0\u00a0\u00a0\u00a0\u00a0\u00a0\u00a0\u00a0 <a href=\"http:\/\/bilmat.org\/calisma_grubu\/wp-content\/uploads\/2013\/11\/01-Matematik-Tarihi.ppt\">MT1<\/a><\/td>\n<\/tr>\n<tr>\n<td width=\"604\"><i class=\"fas fa-file-powerpoint\"><\/i>\u00a0\u00a0\u00a0\u00a0\u00a0\u00a0\u00a0\u00a0 <a href=\"http:\/\/bilmat.org\/calisma_grubu\/wp-content\/uploads\/2013\/11\/02-Matematik-Tarihi.ppt\">MT2<\/a><\/td>\n<\/tr>\n<tr>\n<td width=\"604\"><i class=\"fas fa-file-powerpoint\"><\/i>\u00a0\u00a0\u00a0\u00a0\u00a0\u00a0\u00a0\u00a0 <a href=\"http:\/\/bilmat.org\/calisma_grubu\/wp-content\/uploads\/2013\/11\/03-Matematik-Tarihi.ppt\">MT3<\/a><\/td>\n<\/tr>\n<tr>\n<td width=\"604\"><i class=\"fas fa-file-powerpoint\"><\/i>\u00a0\u00a0\u00a0\u00a0\u00a0\u00a0\u00a0\u00a0 <a href=\"http:\/\/bilmat.org\/calisma_grubu\/wp-content\/uploads\/2013\/11\/04-Matematik-Tarihi.ppt\">MT4<\/a><\/td>\n<\/tr>\n<tr>\n<td width=\"604\"><i class=\"fas fa-file-powerpoint\"><\/i>\u00a0\u00a0\u00a0\u00a0\u00a0\u00a0\u00a0\u00a0 <a href=\"http:\/\/bilmat.org\/calisma_grubu\/wp-content\/uploads\/2013\/11\/05-Matematik-Tarihi.ppt\">MT5<\/a><\/td>\n<\/tr>\n<tr>\n<td width=\"604\"><i class=\"fas fa-file-powerpoint\"><\/i>\u00a0\u00a0\u00a0\u00a0\u00a0\u00a0\u00a0\u00a0 <a href=\"http:\/\/bilmat.org\/calisma_grubu\/wp-content\/uploads\/2013\/11\/06-Matematik-Tarihi.ppt\">MT6<\/a><\/td>\n<\/tr>\n<tr>\n<td width=\"604\"><i class=\"fas fa-file-powerpoint\"><\/i>\u00a0\u00a0\u00a0\u00a0\u00a0\u00a0\u00a0\u00a0 <a href=\"http:\/\/bilmat.org\/calisma_grubu\/wp-content\/uploads\/2013\/11\/07-Matematik-Tarihi.ppt\">MT7<\/a><\/td>\n<\/tr>\n<tr>\n<td width=\"604\"><i class=\"fas fa-file-powerpoint\"><\/i>\u00a0\u00a0\u00a0\u00a0\u00a0\u00a0\u00a0\u00a0 <a href=\"http:\/\/bilmat.org\/calisma_grubu\/wp-content\/uploads\/2013\/11\/08-Matematik-Tarihi.ppt\">MT8<\/a><\/td>\n<\/tr>\n<tr>\n<td width=\"604\"><strong>Matematik Felsefesi<\/strong><\/td>\n<\/tr>\n<tr>\n<td width=\"604\"><i class=\"fas fa-file-powerpoint\"><\/i>\u00a0\u00a0\u00a0\u00a0\u00a0\u00a0\u00a0\u00a0 <a href=\"http:\/\/bilmat.org\/calisma_grubu\/wp-content\/uploads\/2013\/12\/MF1.ppt\">MF1<\/a><\/td>\n<\/tr>\n<tr>\n<td width=\"604\"><i class=\"fas fa-file-powerpoint\"><\/i>\u00a0\u00a0\u00a0\u00a0\u00a0\u00a0\u00a0\u00a0 <a href=\"http:\/\/bilmat.org\/calisma_grubu\/wp-content\/uploads\/2013\/12\/MF2.ppt\">MF2<\/a><\/td>\n<\/tr>\n<tr>\n<td width=\"604\"><i class=\"fas fa-file-powerpoint\"><\/i>\u00a0\u00a0\u00a0\u00a0\u00a0\u00a0\u00a0\u00a0 <a href=\"http:\/\/bilmat.org\/calisma_grubu\/wp-content\/uploads\/2013\/12\/MF3.ppt\">MF3<\/a><\/td>\n<\/tr>\n<tr>\n<td width=\"604\"><i class=\"fas fa-file-powerpoint\"><\/i>\u00a0\u00a0\u00a0\u00a0\u00a0\u00a0\u00a0\u00a0 <a href=\"http:\/\/bilmat.org\/calisma_grubu\/wp-content\/uploads\/2013\/12\/MF4.ppt\">MF4<\/a><\/td>\n<\/tr>\n<tr>\n<td width=\"604\"><i class=\"fas fa-file-powerpoint\"><\/i>\u00a0\u00a0\u00a0\u00a0\u00a0\u00a0\u00a0\u00a0 <a href=\"http:\/\/bilmat.org\/calisma_grubu\/wp-content\/uploads\/2013\/12\/MF5.ppt\">MF5<\/a><\/td>\n<\/tr>\n<tr>\n<td width=\"604\"><i class=\"fas fa-file-powerpoint\"><\/i>\u00a0\u00a0\u00a0\u00a0\u00a0\u00a0\u00a0\u00a0 <a href=\"http:\/\/bilmat.org\/calisma_grubu\/wp-content\/uploads\/2013\/12\/MF6.ppt\">MF6<\/a><\/td>\n<\/tr>\n<tr>\n<td width=\"604\"><i class=\"fas fa-file-powerpoint\"><\/i>\u00a0\u00a0\u00a0\u00a0\u00a0\u00a0\u00a0\u00a0 <a href=\"http:\/\/bilmat.org\/calisma_grubu\/wp-content\/uploads\/2013\/12\/MF7.ppt\">MF7<\/a><\/td>\n<\/tr>\n<tr>\n<td width=\"604\"><i class=\"fas fa-file-powerpoint\"><\/i>\u00a0\u00a0\u00a0\u00a0\u00a0\u00a0\u00a0\u00a0 <a href=\"http:\/\/bilmat.org\/calisma_grubu\/wp-content\/uploads\/2013\/12\/MF8.ppt\">MF8<\/a><\/td>\n<\/tr>\n<tr>\n<td width=\"604\"><i class=\"fas fa-file-powerpoint\"><\/i>\u00a0\u00a0\u00a0\u00a0\u00a0\u00a0\u00a0\u00a0 <a href=\"http:\/\/bilmat.org\/calisma_grubu\/wp-content\/uploads\/2013\/12\/MF9.ppt\">MF9<\/a><\/td>\n<\/tr>\n<\/tbody>\n<\/table>\n","protected":false},"excerpt":{"rendered":"<p>Lisans Dersleri \u00d6zel \u00d6\u011fretim Y\u00f6ntemleri\u00a0 \u00a0\u00a0\u00a0\u00a0\u00a0\u00a0\u00a0\u00a0 \u00d6\u00d6Y1 \u00a0\u00a0\u00a0\u00a0\u00a0\u00a0\u00a0\u00a0 \u00d6\u00d6Y2 \u00a0\u00a0\u00a0\u00a0\u00a0\u00a0\u00a0\u00a0 \u00d6\u00d6Y3 \u00a0\u00a0\u00a0\u00a0\u00a0\u00a0\u00a0\u00a0 \u00d6\u00d6Y4 \u00a0\u00a0\u00a0\u00a0\u00a0\u00a0\u00a0\u00a0 \u00d6\u00d6Y5 \u00a0\u00a0\u00a0\u00a0\u00a0\u00a0\u00a0\u00a0 \u00d6\u00d6Y6 \u00a0\u00a0\u00a0\u00a0\u00a0\u00a0\u00a0\u00a0 \u00d6\u00d6Y7 \u00a0\u00a0\u00a0\u00a0\u00a0\u00a0\u00a0\u00a0 \u00d6\u00d6Y8 \u00a0\u00a0\u00a0\u00a0\u00a0\u00a0\u00a0\u00a0 \u00d6\u00d6Y9 Matematik Tarihi \u00a0\u00a0\u00a0\u00a0\u00a0\u00a0\u00a0\u00a0 MT1 \u00a0\u00a0\u00a0\u00a0\u00a0\u00a0\u00a0\u00a0 MT2 \u00a0\u00a0\u00a0\u00a0\u00a0\u00a0\u00a0\u00a0 MT3 \u00a0\u00a0\u00a0\u00a0\u00a0\u00a0\u00a0\u00a0 MT4 \u00a0\u00a0\u00a0\u00a0\u00a0\u00a0\u00a0\u00a0 MT5 \u00a0\u00a0\u00a0\u00a0\u00a0\u00a0\u00a0\u00a0 MT6 \u00a0\u00a0\u00a0\u00a0\u00a0\u00a0\u00a0\u00a0 MT7 \u00a0\u00a0\u00a0\u00a0\u00a0\u00a0\u00a0\u00a0 MT8 Matematik Felsefesi \u00a0\u00a0\u00a0\u00a0\u00a0\u00a0\u00a0\u00a0 MF1 \u00a0\u00a0\u00a0\u00a0\u00a0\u00a0\u00a0\u00a0 MF2 \u00a0\u00a0\u00a0\u00a0\u00a0\u00a0\u00a0\u00a0 MF3 \u00a0\u00a0\u00a0\u00a0\u00a0\u00a0\u00a0\u00a0 MF4 \u00a0\u00a0\u00a0\u00a0\u00a0\u00a0\u00a0\u00a0 MF5 \u00a0\u00a0\u00a0\u00a0\u00a0\u00a0\u00a0\u00a0 MF6 [&hellip;]<\/p>\n","protected":false},"author":1,"featured_media":0,"parent":0,"menu_order":0,"comment_status":"closed","ping_status":"closed","template":"","meta":[],"_links":{"self":[{"href":"https:\/\/bilmat.org\/calisma_grubu\/wp-json\/wp\/v2\/pages\/2135"}],"collection":[{"href":"https:\/\/bilmat.org\/calisma_grubu\/wp-json\/wp\/v2\/pages"}],"about":[{"href":"https:\/\/bilmat.org\/calisma_grubu\/wp-json\/wp\/v2\/types\/page"}],"author":[{"embeddable":true,"href":"https:\/\/bilmat.org\/calisma_grubu\/wp-json\/wp\/v2\/users\/1"}],"replies":[{"embeddable":true,"href":"https:\/\/bilmat.org\/calisma_grubu\/wp-json\/wp\/v2\/comments?post=2135"}],"version-history":[{"count":5,"href":"https:\/\/bilmat.org\/calisma_grubu\/wp-json\/wp\/v2\/pages\/2135\/revisions"}],"predecessor-version":[{"id":2174,"href":"https:\/\/bilmat.org\/calisma_grubu\/wp-json\/wp\/v2\/pages\/2135\/revisions\/2174"}],"wp:attachment":[{"href":"https:\/\/bilmat.org\/calisma_grubu\/wp-json\/wp\/v2\/media?parent=2135"}],"curies":[{"name":"wp","href":"https:\/\/api.w.org\/{rel}","templated":true}]}}