{"id":2164,"date":"2020-03-04T17:46:07","date_gmt":"2020-03-04T17:46:07","guid":{"rendered":"http:\/\/bilmat.org\/calisma_grubu\/?page_id=2164"},"modified":"2020-03-04T17:46:42","modified_gmt":"2020-03-04T17:46:42","slug":"yuksek-lisans-tezleri","status":"publish","type":"page","link":"https:\/\/bilmat.org\/calisma_grubu\/yuksek-lisans-tezleri\/","title":{"rendered":"Y\u00fcksek Lisans Tezleri"},"content":{"rendered":"<table width=\"641\">\n<tbody>\n<tr>\n<td width=\"94\">Ara\u015ft\u0131rmac\u0131<\/td>\n<td>Y\u00fcksek Lisans Tezi<\/td>\n<td width=\"60\">Y\u0131l<\/td>\n<\/tr>\n<tr>\n<td width=\"94\">Mustafa G\u00fcler<\/td>\n<td><a href=\"http:\/\/bilmat.org\/calisma_grubu\/wp-content\/uploads\/2014\/02\/2014Mustafa-G%C3%BCler-2014.pdf\">\u00d6\u011fretmen adaylar\u0131n\u0131n matematik \u00f6\u011fretme bilgilerinin incelenmesi: Cebir \u00f6rne\u011fi<\/a><\/td>\n<td width=\"60\">2014<\/td>\n<\/tr>\n<tr>\n<td width=\"94\">Selin T. G\u00fcltekin<\/td>\n<td><a href=\"http:\/\/bilmat.org\/calisma_grubu\/wp-content\/uploads\/2014\/02\/2013Selin-Ta%C5%9Fk%C4%B1n-G%C3%BCltekin-2013.pdf\">Kavram karikat\u00fcrleri ile zenginle\u015ftirilmi\u015f matematik \u00f6\u011frenme ortam\u0131ndan\u00a0<\/a><br \/>\n<a href=\"http:\/\/bilmat.org\/calisma_grubu\/wp-content\/uploads\/2014\/02\/2013Selin-Ta%C5%9Fk%C4%B1n-G%C3%BCltekin-2013.pdf\">yans\u0131malar<\/a><\/td>\n<td width=\"60\">2013<\/td>\n<\/tr>\n<tr>\n<td width=\"94\">Nadide Y\u0131lmaz<\/td>\n<td><a href=\"http:\/\/bilmat.org\/calisma_grubu\/wp-content\/uploads\/2014\/02\/2013Nadide-Y%C4%B1lmaz-2013.pdf\">\u0130lk\u00f6\u011fretim matematik \u00f6\u011fretmenlerine yans\u0131t\u0131c\u0131 d\u00fc\u015f\u00fcnme becerisinin kazand\u0131r\u0131lmas\u0131na y\u00f6nelik hizmet i\u00e7i e\u011fitimin uygulanmas\u0131 ve de\u011ferlendirilmesi<\/a><\/td>\n<td width=\"60\">2013<\/td>\n<\/tr>\n<tr>\n<td>Merve Hac\u0131saliho\u011flu<\/td>\n<td><a href=\"http:\/\/bilmat.org\/calisma_grubu\/wp-content\/uploads\/2014\/02\/2013Merve-Hac%C4%B1saliho%C4%9Flu-2013.pdf\">6. s\u0131n\u0131f \u00f6\u011frencilerinin proje ve performans g\u00f6revleriyle ilgili g\u00f6r\u00fc\u015fleri ve kar\u015f\u0131la\u015ft\u0131klar\u0131 g\u00fc\u00e7l\u00fckler<\/a><\/td>\n<td>2013<\/td>\n<\/tr>\n<tr>\n<td width=\"94\">Leyla Aydurmu\u015f<\/td>\n<td><a href=\"http:\/\/bilmat.org\/calisma_grubu\/wp-content\/uploads\/2014\/02\/2013Leyla-Aydurmu%C5%9F-2013.pdf\">8. s\u0131n\u0131f \u00f6\u011frencilerinin problem \u00e7\u00f6zme s\u00fcrecinde kulland\u0131\u011f\u0131 \u00fcstbili\u015f becerilerin incelenmesi<\/a><\/td>\n<td width=\"60\">2013<\/td>\n<\/tr>\n<tr>\n<td width=\"94\">\u0130smail Erkan<\/td>\n<td><a href=\"http:\/\/bilmat.org\/calisma_grubu\/wp-content\/uploads\/2014\/02\/2013%C4%B0smail-Erkan-2013.pdf\">8. s\u0131n\u0131f \u00f6\u011frencilerinin problem \u00e7\u00f6zme basamaklar\u0131na problem ba\u011flamlar\u0131n\u0131n etkisinin incelenmesi<\/a><\/td>\n<td width=\"60\">2013<\/td>\n<\/tr>\n<tr>\n<td width=\"94\">G\u00f6kay A\u00e7\u0131ky\u0131ld\u0131z<\/td>\n<td><a href=\"http:\/\/bilmat.org\/calisma_grubu\/wp-content\/uploads\/2014\/02\/2013G%C3%B6kay-A%C3%A7%C4%B1ky%C4%B1ld%C4%B1z-2013.pdf\">Matematik \u00f6\u011fretmeni adaylar\u0131n\u0131n t\u00fcrev kavram\u0131n\u0131 anlamalar\u0131 ve yapt\u0131klar\u0131 hatalar<\/a><\/td>\n<td width=\"60\">2013<\/td>\n<\/tr>\n<tr>\n<td width=\"94\">Elif \u00d6zlem Ard\u0131\u00e7<\/td>\n<td><a href=\"http:\/\/bilmat.org\/calisma_grubu\/wp-content\/uploads\/2014\/02\/2013Elif-%C3%96zlem-Ard%C4%B1%C3%A7-2013.pdf\">8. s\u0131n\u0131f geometrik cisimler konusunun \u00f6\u011fretiminde 4MAT \u00f6\u011fretim modelinin etkisi<\/a><\/td>\n<td width=\"60\">2013<\/td>\n<\/tr>\n<tr>\n<td width=\"94\">Z. Bahar \u00d6zdo\u011fan<\/td>\n<td><a href=\"http:\/\/bilmat.org\/calisma_grubu\/wp-content\/uploads\/2014\/02\/2012Zeynep-Bahar-%C3%96zdo%C4%9Fan-2012.pdf\">4MAT \u00d6\u011fretim Modelinin ilk\u00f6\u011fretim matematik \u00f6\u011fretmenleri taraf\u0131ndan uygulanmas\u0131 s\u00fcrecinden yans\u0131malar<\/a><\/td>\n<td width=\"60\">2012<\/td>\n<\/tr>\n<tr>\n<td width=\"94\">Ay\u015fe P\u0131nar Mert C\u00fcce<\/td>\n<td><a href=\"http:\/\/bilmat.org\/calisma_grubu\/wp-content\/uploads\/2014\/02\/2012-Ay%C5%9Fe-P%C4%B1nar-Mert-C%C3%9CCE-2012.pdf\">Etkinlik temelli matematik \u00f6\u011fretimi yap\u0131lan s\u0131n\u0131f ortam\u0131ndan yans\u0131malar: Aksiyon ara\u015ft\u0131rmas\u0131<\/a><\/td>\n<td width=\"60\">2012<\/td>\n<\/tr>\n<tr>\n<td width=\"94\">Samet Okumu\u015f<\/td>\n<td><a href=\"http:\/\/bilmat.org\/calisma_grubu\/wp-content\/uploads\/2014\/02\/2011Samet-Okumu%C5%9F-2011.pdf\">Dinamik geometri ortamlar\u0131n\u0131n 7. s\u0131n\u0131f \u00f6\u011frencilerinin d\u00f6rtgenleri tan\u0131mlama ve s\u0131n\u0131fland\u0131rma becerilerine etkilerinin incelenmesi<\/a><\/td>\n<td width=\"60\">2011<\/td>\n<\/tr>\n<tr>\n<td width=\"94\">Ebru Sayan<\/td>\n<td><a href=\"http:\/\/bilmat.org\/calisma_grubu\/wp-content\/uploads\/2014\/02\/2011Ebru-Sayan-2011.pdf\">\u0130lk\u00f6\u011fretim matematik \u00f6\u011fretmenlerinin proje g\u00f6revleri hakk\u0131ndaki g\u00f6r\u00fc\u015fleri<\/a><\/td>\n<td width=\"60\">2011<\/td>\n<\/tr>\n<tr>\n<td>Zeynep Karag\u00f6l<\/td>\n<td><a href=\"http:\/\/bilmat.org\/calisma_grubu\/wp-content\/uploads\/2014\/02\/2010Zeynep-KARAG%C3%96L-2010.pdf\">Fen Edebiyat Fak\u00fcltesi \u00f6\u011frencilerine verilen formasyonun akademik \u00e7evre ve medyadaki yans\u0131malar\u0131<\/a><\/td>\n<td>2010<\/td>\n<\/tr>\n<tr>\n<td width=\"94\">Yasin Cinemre<\/td>\n<td><a href=\"http:\/\/bilmat.org\/calisma_grubu\/wp-content\/uploads\/2014\/02\/2010Yasin-Cinemre-2010.pdf\">\u0130lk\u00f6\u011fretim 8. s\u0131n\u0131f matematik \u00f6\u011fretim program\u0131na g\u00f6re haz\u0131rlanan \u00f6\u011fretim materyallerinin de\u011ferlendirilmesi<\/a><\/td>\n<td width=\"60\">2010<\/td>\n<\/tr>\n<tr>\n<td width=\"94\">Yasemin \u015eeng\u00fcn<\/td>\n<td><a href=\"http:\/\/bilmat.org\/calisma_grubu\/wp-content\/uploads\/2014\/02\/2010Yasemin-%C5%9Eeng%C3%BCn-2010.pdf\">Yarat\u0131c\u0131 drama temelli matematik dersinin matematiksel \u00f6\u011frenme ortamlar\u0131 kuram\u0131na g\u00f6re incelenmesi<\/a><\/td>\n<td width=\"60\">2010<\/td>\n<\/tr>\n<tr>\n<td width=\"94\">R\u0131dvan Altunda\u011f<\/td>\n<td><a href=\"http:\/\/bilmat.org\/calisma_grubu\/wp-content\/uploads\/2014\/02\/2010R%C4%B1dvan-Altunda%C4%9F-2010.pdf\">Adidaktik \u00f6\u011frenme ortamlar\u0131n\u0131n \u00f6\u011frenci ba\u015far\u0131s\u0131 \u00fczerine etkisi ve ortama y\u00f6nelik \u00f6\u011frenci g\u00f6r\u00fc\u015fleri<\/a><\/td>\n<td width=\"60\">2010<\/td>\n<\/tr>\n<tr>\n<td width=\"94\">Oben Kanbolat<\/td>\n<td><a href=\"http:\/\/bilmat.org\/calisma_grubu\/wp-content\/uploads\/2014\/02\/2010Oben-Kanbolat-2010.pdf\">Baz\u0131 matematiksel kavramlarla ilgili epistemolojik engeller<\/a><\/td>\n<td width=\"60\">2010<\/td>\n<\/tr>\n<\/tbody>\n<\/table>\n<table width=\"647\">\n<tbody>\n<tr>\n<td>Nurhan \u00d6zgen\u00e7<\/td>\n<td><a href=\"http:\/\/bilmat.org\/calisma_grubu\/wp-content\/uploads\/2014\/02\/2010Nurhan-%C3%96ZGEN%C3%87-2010.pdf\">Oyun temelli matematik \u00f6\u011fretimi yap\u0131lan s\u0131n\u0131f ortamlar\u0131ndan yans\u0131malar<\/a><\/td>\n<td>2010<\/td>\n<\/tr>\n<tr>\n<td>Kadir G\u00fcrsoy<\/td>\n<td><a href=\"http:\/\/bilmat.org\/calisma_grubu\/wp-content\/uploads\/2013\/11\/2010Kadir-G%C3%BCrsoy-2010.pdf\">\u0130lk\u00f6\u011fretim matematik \u00f6\u011fretmen adaylar\u0131n\u0131n matematik tarihinin matematik \u00f6\u011fretiminde kullan\u0131lmas\u0131na ili\u015fkin inan\u00e7 ve tutumlar\u0131n\u0131n incelenmesi<\/a><\/td>\n<td>2010<\/td>\n<\/tr>\n<tr>\n<td>Erdin\u00e7 Alp<\/td>\n<td><a href=\"http:\/\/bilmat.org\/calisma_grubu\/wp-content\/uploads\/2013\/11\/2010Erdin%C3%A7-ALP-2010.pdf\">Disiplinleraras\u0131 \u00f6\u011fretim yakla\u015f\u0131m\u0131n\u0131n \u00f6\u011frencilerin olas\u0131l\u0131k konusundaki akademik ba\u015far\u0131lar\u0131na ve \u00f6\u011frenmenin kal\u0131c\u0131l\u0131\u011f\u0131na etkisi<\/a><\/td>\n<td>2010<\/td>\n<\/tr>\n<tr>\n<td>Yasin Kurak<\/td>\n<td><a href=\"http:\/\/bilmat.org\/calisma_grubu\/wp-content\/uploads\/2013\/11\/2009Yasin-Kurak-2009.pdf\">Dinamik geometri yaz\u0131l\u0131m\u0131 kullan\u0131m\u0131n\u0131n \u00f6\u011frencilerin d\u00f6n\u00fc\u015f\u00fcm geometri anlama d\u00fczeylerine ve akademik ba\u015far\u0131lar\u0131na etkisi<\/a><\/td>\n<td>2009<\/td>\n<\/tr>\n<tr>\n<td>Serkan Co\u015ftu<\/td>\n<td><a href=\"http:\/\/bilmat.org\/calisma_grubu\/wp-content\/uploads\/2013\/11\/2009Serkan-Costu-2009.pdf\">Matematik \u00f6\u011fretiminde ba\u011flamsal \u00f6\u011frenme ve \u00f6\u011fretme yakla\u015f\u0131m\u0131na g\u00f6re tasarlanan \u00f6\u011frenme\u00a0ortamlar\u0131nda \u00f6\u011fretmen deneyimleri<\/a><\/td>\n<td>2009<\/td>\n<\/tr>\n<tr>\n<td>Filiz Co\u015fkun<\/td>\n<td><a href=\"http:\/\/bilmat.org\/calisma_grubu\/wp-content\/uploads\/2013\/11\/2009Filiz-Co%C5%9Fkun-2009.pdf\">Orta\u00f6\u011fretim \u00f6\u011frencilerinin Van Hiele geometri anlama seviyeleri ile ispat yazma becerileri aras\u0131ndaki ili\u015fki<\/a><\/td>\n<td>2009<\/td>\n<\/tr>\n<tr>\n<td>Serhat Ayd\u0131n<\/td>\n<td><a href=\"http:\/\/bilmat.org\/calisma_grubu\/wp-content\/uploads\/2013\/11\/Serhat-Ayd%C4%B1n.pdf\">Okul \u00f6ncesi e\u011fitimcilerinin matematik \u00f6\u011fretimiyle ilgili d\u00fc\u015f\u00fcnceleri ve uygulamalar\u0131n\u0131n de\u011ferlendirilmesi<\/a><\/td>\n<td>2009<\/td>\n<\/tr>\n<tr>\n<td width=\"94\">Fatma Kara<\/td>\n<td><a href=\"http:\/\/bilmat.org\/calisma_grubu\/wp-content\/uploads\/2013\/11\/2008Fatma-Kara-2008.pdf\">Matematik \u00f6\u011fretmenlerinin lisans\u00fcst\u00fc e\u011fitim deneyimleri ve okul ya\u015fant\u0131lar\u0131na yans\u0131malar\u0131<\/a><\/td>\n<td width=\"60\">2008<\/td>\n<\/tr>\n<tr>\n<td width=\"94\">Ali T\u00fcrkdo\u011fan<\/td>\n<td><a href=\"http:\/\/bilmat.org\/calisma_grubu\/wp-content\/uploads\/2013\/11\/Ali-T%C3%BCrkdo%C4%9Fan.pdf\">BDM\u00d6 yoluyla s\u0131n\u0131f \u00f6\u011fretmeni adaylar\u0131n\u0131n denklemler ve\u00a0grafikleri konusundaki<br \/>\n\u00f6\u011frenme \u00fcr\u00fcnlerinin incelenmesi<\/a><\/td>\n<td width=\"60\">2006<\/td>\n<\/tr>\n<tr>\n<td width=\"94\">Huriye Yurday<\/td>\n<td><a href=\"http:\/\/bilmat.org\/calisma_grubu\/wp-content\/uploads\/2013\/11\/Huriye-Yurday.pdf\">Lise matematik \u00f6\u011fretmenlerinin yeni \u00f6\u011fretim program\u0131na yakla\u015f\u0131mlar\u0131<\/a><\/td>\n<td width=\"60\">2006<\/td>\n<\/tr>\n<tr>\n<td width=\"94\">Sema Nur Demirkan<\/td>\n<td><a href=\"http:\/\/bilmat.org\/calisma_grubu\/wp-content\/uploads\/2013\/11\/Sema-Nur-Demirkan.pdf\">\u0130lk\u00f6\u011fretim 6. s\u0131n\u0131f uzay\u0131 ke\u015ffediyoruz \u00fcnitesinin etkile\u015fimli video destekli \u00f6\u011fretimi<\/a><\/td>\n<td width=\"60\">2006<\/td>\n<\/tr>\n<tr>\n<td width=\"94\">Servet Zaman<\/td>\n<td><a href=\"http:\/\/bilmat.org\/calisma_grubu\/wp-content\/uploads\/2013\/11\/Servet-Zaman.pdf\">Mitoz ve mayoz b\u00f6l\u00fcnme konusunda geli\u015ftirilen bilgisayar<br \/>\ndestekli biyoloji \u00f6\u011fretim materyalinin de\u011ferlendirilmesi<\/a><\/td>\n<td width=\"60\">2006<\/td>\n<\/tr>\n<tr>\n<td width=\"94\">Yasemin G\u00fcven<\/td>\n<td><a href=\"http:\/\/bilmat.org\/calisma_grubu\/wp-content\/uploads\/2013\/11\/Yasemin-G%C3%BCven.pdf\">Farkl\u0131 geometrik \u00e7izim y\u00f6ntemleri kullan\u0131m\u0131n\u0131n \u00f6\u011frencilerin ba\u015far\u0131, tutum ve Van Hiele geometri anlama d\u00fczeylerine etkisi<\/a><\/td>\n<td width=\"60\">2006<\/td>\n<\/tr>\n<tr>\n<td width=\"94\">Davut K\u00f6\u011fce<\/td>\n<td><a href=\"http:\/\/bilmat.org\/calisma_grubu\/wp-content\/uploads\/2013\/11\/Davut-K%C3%B6%C4%9Fce.pdf\">\u00d6SS s\u0131nav\u0131 matematik sorular\u0131 ile liselerde sorulan yaz\u0131l\u0131 s\u0131nav sorular\u0131n\u0131n Bloom taksonomisine g\u00f6re kar\u015f\u0131la\u015ft\u0131r\u0131lmas\u0131<\/a><\/td>\n<td width=\"60\">2005<\/td>\n<\/tr>\n<tr>\n<td width=\"94\">Devrim Ya\u015far Akta\u015f<\/td>\n<td><a href=\"http:\/\/bilmat.org\/calisma_grubu\/wp-content\/uploads\/2013\/11\/Devrim-Ya%C5%9Far-Akta%C5%9F.pdf\">\u0130\u015fbirli\u011fine dayal\u0131 grup \u00e7al\u0131\u015fmas\u0131 ile \u00f6\u011frencilerin geometri anlama d\u00fczeylerinin belirlenmesi<\/a><\/td>\n<td width=\"60\">2005<\/td>\n<\/tr>\n<tr>\n<td width=\"94\">Ercan Atasoy<\/td>\n<td><a href=\"http:\/\/bilmat.org\/calisma_grubu\/wp-content\/uploads\/2013\/11\/Ercan-Atasoy.pdf\">Matematik \u00f6\u011fretiminde yazman\u0131n kullan\u0131lmas\u0131<\/a><\/td>\n<td width=\"60\">2005<\/td>\n<\/tr>\n<tr>\n<td width=\"94\">Mesut B\u00fct\u00fcn<\/td>\n<td><a href=\"http:\/\/bilmat.org\/calisma_grubu\/wp-content\/uploads\/2013\/11\/Mesut-B%C3%BCt%C3%BCn.pdf\">\u0130lk\u00f6\u011fretim matematik \u00f6\u011fretmenlerinin alan e\u011fitimi bilgilerinin nitelikleri \u00fczerine bir \u00e7al\u0131\u015fma<\/a><\/td>\n<td width=\"60\">2005<\/td>\n<\/tr>\n<tr>\n<td width=\"94\">Sakine \u015eensoy<\/td>\n<td><a href=\"http:\/\/bilmat.org\/calisma_grubu\/wp-content\/uploads\/2013\/11\/Sakne-%C5%9Eensoy.pdf\">KT\u00dc B\u00d6TEB i\u00e7in bir WEB tabanl\u0131 e\u011fitim sitesi geli\u015ftirilmesi ve kullan\u0131labilirli\u011finin incelenmesi<\/a><\/td>\n<td width=\"60\">2005<\/td>\n<\/tr>\n<\/tbody>\n<\/table>\n<table width=\"641\">\n<tbody>\n<tr>\n<td width=\"94\">Zeynep Halilo\u011flu Tatl\u0131<\/td>\n<td><a href=\"http:\/\/bilmat.org\/calisma_grubu\/wp-content\/uploads\/2013\/11\/Zeynep-Halilo%C4%9Flu-Tatl%C4%B1.pdf\">\u0130lk\u00f6\u011fretim II. kademe bilgisayar ders m\u00fcfredat\u0131na proje tabanl\u0131 \u00f6\u011fretim y\u00f6ntemiyle yeni bir yakla\u015f\u0131m<\/a><\/td>\n<td width=\"60\">2005<\/td>\n<\/tr>\n<tr>\n<td width=\"94\">Temel K\u00f6sa<\/td>\n<td><a href=\"http:\/\/bilmat.org\/calisma_grubu\/wp-content\/uploads\/2013\/11\/Temel-K%C3%B6sa.pdf\">8. s\u0131n\u0131f \u00f6\u011frencilerinin s\u00f6zel problemlerin \u00e7\u00f6z\u00fcm\u00fcnde denklemlerden<\/a><br \/>\n<a href=\"http:\/\/bilmat.org\/calisma_grubu\/wp-content\/uploads\/2013\/11\/Temel-K%C3%B6sa.pdf\">yararlanabilme becerileri<\/a><\/td>\n<td width=\"60\">2004<\/td>\n<\/tr>\n<tr>\n<td width=\"94\">Ahmet Faruk Y\u0131ld\u0131r\u0131m<\/td>\n<td><a href=\"http:\/\/bilmat.org\/calisma_grubu\/wp-content\/uploads\/2013\/11\/Ahmet-Faruk-Y%C4%B1ld%C4%B1r%C4%B1m.pdf\">Lise \u00f6\u011frencilerinin lise-I fonksiyonlar konusundaki kavram yan\u0131lg\u0131lar\u0131n\u0131n belirlenmesi<\/a><\/td>\n<td width=\"60\">2003<\/td>\n<\/tr>\n<tr>\n<td>Osman Birgin<\/td>\n<td><a href=\"http:\/\/bilmat.org\/calisma_grubu\/wp-content\/uploads\/2013\/11\/Osman-Birgin.pdf\">Bilgisayar destekli bireysel geli\u015fim dosyas\u0131n\u0131n uygulanabilirli\u011finin ara\u015ft\u0131r\u0131lmas\u0131<\/a><\/td>\n<td>2003<\/td>\n<\/tr>\n<tr>\n<td width=\"94\">Meral Cans\u0131z<\/td>\n<td><a href=\"http:\/\/bilmat.org\/calisma_grubu\/wp-content\/uploads\/2013\/11\/Meral-Cans%C4%B1z.pdf\">Yap\u0131salc\u0131 \u00f6\u011frenme yakla\u015f\u0131m\u0131yla model kullanman\u0131n \u00f6\u011frencilerin matemati\u011fe kar\u015f\u0131 tutumlar\u0131na ve genelleme becerilerine etkisi<\/a><\/td>\n<td width=\"60\">2003<\/td>\n<\/tr>\n<tr>\n<td>\u0130lhan Karata\u015f<\/td>\n<td><a href=\"http:\/\/bilmat.org\/calisma_grubu\/wp-content\/uploads\/2013\/11\/%C4%B0lhan-Karata%C5%9F.pdf\">8. s\u0131n\u0131f \u00f6\u011frencilerinin problem \u00e7\u00f6zme s\u00fcrecinde kullan\u0131lan bilgi t\u00fcrlerini kullanma d\u00fczeyleri<\/a><\/td>\n<td>2002<\/td>\n<\/tr>\n<tr>\n<td>B\u00fclent G\u00fcven<\/td>\n<td><a href=\"http:\/\/bilmat.org\/calisma_grubu\/wp-content\/uploads\/2013\/11\/B%C3%BClent-G%C3%BCven.pdf\">Dinamik geometri yaz\u0131l\u0131m\u0131 Cabri ile ke\u015ffederek geometri \u00f6\u011frenme<\/a><\/td>\n<td>2002<\/td>\n<\/tr>\n<tr>\n<td>Emine Yaz\u0131c\u0131<\/td>\n<td><a href=\"http:\/\/bilmat.org\/calisma_grubu\/wp-content\/uploads\/2013\/11\/Emine-Yaz%C4%B1c%C4%B1.pdf\">Perm\u00fctasyon ve olas\u0131l\u0131k konusunun bulu\u015f yoluyla \u00f6\u011fretilmesi<\/a><\/td>\n<td>2002<\/td>\n<\/tr>\n<tr>\n<td>G\u00fclay Deniz<\/td>\n<td><a href=\"http:\/\/bilmat.org\/calisma_grubu\/wp-content\/uploads\/2013\/11\/G%C3%BClay-Deniz.pdf\">Geometri ba\u015far\u0131s\u0131n\u0131n olas\u0131l\u0131k ba\u015far\u0131s\u0131na etkisi \u00fczerine bir ara\u015ft\u0131rma<\/a><\/td>\n<td>2002<\/td>\n<\/tr>\n<tr>\n<td>Bahar \u00d6ztekin<\/td>\n<td><a href=\"http:\/\/bilmat.org\/calisma_grubu\/wp-content\/uploads\/2013\/11\/Bahar-%C3%96ztekin.pdf\">Excel yard\u0131m\u0131yla birinci ve ikinci dereceden fonksiyonlar konusunun \u00f6\u011fretimi: Tasar\u0131m, uygulama, de\u011ferlendirme<\/a><\/td>\n<td>2001<\/td>\n<\/tr>\n<tr>\n<td>Derya \u00c7elik<\/td>\n<td><a href=\"http:\/\/bilmat.org\/calisma_grubu\/wp-content\/uploads\/2013\/11\/Derya-%C3%87elik.pdf\">Matematik \u00f6\u011fretmenlerinin grafik hesap makineleri ile geometri \u00f6\u011fretimine bak\u0131\u015flar\u0131<\/a><\/td>\n<td>2001<\/td>\n<\/tr>\n<tr>\n<td>Zekeriya Demetg\u00fcl<\/td>\n<td><a href=\"http:\/\/bilmat.org\/calisma_grubu\/wp-content\/uploads\/2013\/11\/Zekeriya-Demetg%C3%BCl.pdf\">Trigonometri konusundaki kavram yan\u0131lg\u0131lar\u0131n\u0131n tespit edilmesi<\/a><\/td>\n<td>2001<\/td>\n<\/tr>\n<tr>\n<td>\u0130brahim Budak<\/td>\n<td><a href=\"http:\/\/bilmat.org\/calisma_grubu\/wp-content\/uploads\/2013\/11\/%C4%B0brahim-Budak.pdf\">Say\u0131lar konusu i\u00e7in bilgisayar destekli matematik \u00f6\u011fretimi materyalinin geli\u015ftirilmesi ve de\u011ferlendirilmesi<\/a><\/td>\n<td>2000<\/td>\n<\/tr>\n<tr>\n<td>Taliha Kartal<\/td>\n<td><a href=\"http:\/\/bilmat.org\/calisma_grubu\/wp-content\/uploads\/2013\/11\/Taliha-Kartal.pdf\">Kavramsal ve i\u015flemsel bilgi ba\u011flam\u0131nda lise \u00f6\u011frencilerinin cebir bilgilerinin de\u011ferlendirilmesi<\/a><\/td>\n<td>2000<\/td>\n<\/tr>\n<tr>\n<td>Zeliha Ate\u015f<\/td>\n<td><a href=\"http:\/\/bilmat.org\/calisma_grubu\/wp-content\/uploads\/2013\/11\/Zeliha-Ate%C5%9F.pdf\">Matematik \u00f6\u011fretmenlerinin, \u00f6\u011frencilerinin derse kar\u015f\u0131 g\u00fcd\u00fcleme y\u00f6ntemleri<\/a><\/td>\n<td>2000<\/td>\n<\/tr>\n<tr>\n<td>Co\u015fkun \u00dcst\u00fcn<\/td>\n<td><a href=\"http:\/\/bilmat.org\/calisma_grubu\/wp-content\/uploads\/2013\/11\/Co%C5%9Fkun-%C3%9Cst%C3%BCn.pdf\">Fraktal geometri konusunun orta\u00f6\u011fretim program\u0131na uygulanmas\u0131<\/a><\/td>\n<td>1999<\/td>\n<\/tr>\n<tr>\n<td>Ebru G\u00fcveli<\/td>\n<td><a href=\"http:\/\/bilmat.org\/calisma_grubu\/wp-content\/uploads\/2013\/11\/Ebru-Bayraktar-G%C3%BCveli.pdf\">Matematik \u00f6\u011fretmenlerinin bilgisayar destekli matematik \u00f6\u011fretimi deneyimleri<\/a><\/td>\n<td>1998<\/td>\n<\/tr>\n<tr>\n<td>\u0130smail Eski<\/td>\n<td><a href=\"http:\/\/bilmat.org\/calisma_grubu\/wp-content\/uploads\/2013\/11\/%C4%B0smail-Eski.pdf\">\u00d6\u011fretmenlik uygulamalar\u0131nda ara\u015ft\u0131rma okullar\u0131 modeli<\/a><\/td>\n<td>1997<\/td>\n<\/tr>\n<tr>\n<td>G\u00fcler Tuluk<\/td>\n<td><a href=\"http:\/\/bilmat.org\/calisma_grubu\/wp-content\/uploads\/2013\/11\/G%C3%BCler-Tuluk.pdf\">Logo-matemati\u011fin \u00f6\u011fretmen adaylar\u0131 \u00fczerindeki etkileri<\/a><\/td>\n<td>1997<\/td>\n<\/tr>\n<tr>\n<td width=\"94\">Hasan G\u00fcveli<\/td>\n<td><a href=\"http:\/\/bilmat.org\/calisma_grubu\/wp-content\/uploads\/2013\/11\/Hasan-G%C3%BCveli.pdf\">Bergman polinomlar\u0131 ve onlar\u0131n baz\u0131 \u00f6zellikleri<\/a><\/td>\n<td width=\"60\">1996<\/td>\n<\/tr>\n<\/tbody>\n<\/table>\n","protected":false},"excerpt":{"rendered":"<p>Ara\u015ft\u0131rmac\u0131 Y\u00fcksek Lisans Tezi Y\u0131l Mustafa G\u00fcler \u00d6\u011fretmen adaylar\u0131n\u0131n matematik \u00f6\u011fretme bilgilerinin incelenmesi: Cebir \u00f6rne\u011fi 2014 Selin T. G\u00fcltekin Kavram karikat\u00fcrleri ile zenginle\u015ftirilmi\u015f matematik \u00f6\u011frenme ortam\u0131ndan\u00a0 yans\u0131malar 2013 Nadide Y\u0131lmaz \u0130lk\u00f6\u011fretim matematik \u00f6\u011fretmenlerine yans\u0131t\u0131c\u0131 d\u00fc\u015f\u00fcnme becerisinin kazand\u0131r\u0131lmas\u0131na y\u00f6nelik hizmet i\u00e7i e\u011fitimin uygulanmas\u0131 ve de\u011ferlendirilmesi 2013 Merve Hac\u0131saliho\u011flu 6. s\u0131n\u0131f \u00f6\u011frencilerinin proje ve performans g\u00f6revleriyle ilgili [&hellip;]<\/p>\n","protected":false},"author":1,"featured_media":0,"parent":0,"menu_order":0,"comment_status":"closed","ping_status":"closed","template":"","meta":[],"_links":{"self":[{"href":"https:\/\/bilmat.org\/calisma_grubu\/wp-json\/wp\/v2\/pages\/2164"}],"collection":[{"href":"https:\/\/bilmat.org\/calisma_grubu\/wp-json\/wp\/v2\/pages"}],"about":[{"href":"https:\/\/bilmat.org\/calisma_grubu\/wp-json\/wp\/v2\/types\/page"}],"author":[{"embeddable":true,"href":"https:\/\/bilmat.org\/calisma_grubu\/wp-json\/wp\/v2\/users\/1"}],"replies":[{"embeddable":true,"href":"https:\/\/bilmat.org\/calisma_grubu\/wp-json\/wp\/v2\/comments?post=2164"}],"version-history":[{"count":2,"href":"https:\/\/bilmat.org\/calisma_grubu\/wp-json\/wp\/v2\/pages\/2164\/revisions"}],"predecessor-version":[{"id":2166,"href":"https:\/\/bilmat.org\/calisma_grubu\/wp-json\/wp\/v2\/pages\/2164\/revisions\/2166"}],"wp:attachment":[{"href":"https:\/\/bilmat.org\/calisma_grubu\/wp-json\/wp\/v2\/media?parent=2164"}],"curies":[{"name":"wp","href":"https:\/\/api.w.org\/{rel}","templated":true}]}}