{"id":2335,"date":"2020-11-15T14:53:33","date_gmt":"2020-11-15T14:53:33","guid":{"rendered":"http:\/\/bilmat.org\/calisma_grubu\/?page_id=2335"},"modified":"2020-12-26T12:18:57","modified_gmt":"2020-12-26T12:18:57","slug":"doc-dr-erdem-cekmez","status":"publish","type":"page","link":"https:\/\/bilmat.org\/calisma_grubu\/doc-dr-erdem-cekmez\/","title":{"rendered":"Do\u00e7. Dr. Erdem \u00c7EKMEZ"},"content":{"rendered":"<table border=\"0\" width=\"100%\" cellspacing=\"1\" cellpadding=\"1\" align=\"left\" bgcolor=\"#CCCCCC\">\n<tbody>\n<tr>\n<td bgcolor=\"#CCCCCC\" width=\"116\">\n<div style=\"text-align: center;\" align=\"left\">Do\u00e7. Dr.\u00a0Erdem \u00c7EKMEZ<\/div>\n<div style=\"text-align: center;\" align=\"left\"><\/div>\n<div style=\"text-align: center;\" align=\"left\"><a href=\"http:\/\/bilmat.org\/calisma_grubu\/wp-content\/uploads\/2020\/11\/Ekran-Al\u0131nt\u0131s\u0131-erdem-cekmez.jpg\"><img loading=\"lazy\" class=\"aligncenter size-full wp-image-2313\" src=\"http:\/\/bilmat.org\/calisma_grubu\/wp-content\/uploads\/2020\/11\/Ekran-Al\u0131nt\u0131s\u0131-erdem-cekmez.jpg\" alt=\"Ekran Al\u0131nt\u0131s\u0131 - erdem cekmez\" width=\"61\" height=\"78\" srcset=\"https:\/\/bilmat.org\/calisma_grubu\/wp-content\/uploads\/2020\/11\/Ekran-Al\u0131nt\u0131s\u0131-erdem-cekmez.jpg 61w, https:\/\/bilmat.org\/calisma_grubu\/wp-content\/uploads\/2020\/11\/Ekran-Al\u0131nt\u0131s\u0131-erdem-cekmez-50x64.jpg 50w\" sizes=\"(max-width: 61px) 100vw, 61px\" \/><\/a><\/div>\n<p><img class=\"thumbnail\" src=\"http:\/\/bilmat.org\/calisma_grubu\/wp-content\/uploads\/2019\/10\/50374332344_Neslihan-S\u00d6NMEZ.jpg\" alt=\"\" \/><\/td>\n<td valign=\"top\" bgcolor=\"#FFFFFF\">\n<div align=\"left\">\n<div align=\"left\">\n<div align=\"left\">\n<div align=\"left\">\n<div align=\"left\">\n<div align=\"left\">\n<div align=\"justify\">\n<p>1982 y\u0131l\u0131nda Bursa&#8217;da do\u011fdu. \u0130lkokulu Karacabey Atat\u00fcrk \u0130lkokulu&#8217;nda, orta\u00f6\u011frenimini Karacabey Anadolu Lisesi&#8217;nde ve lise \u00f6\u011frenimini Sava\u015ftepe Anadolu \u00d6\u011fretmen Lisesi&#8217;nde tamamlad\u0131. Karadeniz Teknik \u00dcniversitesi Orta\u00f6\u011fretim Matematik \u00d6\u011fretmenli\u011fi B\u00f6l\u00fcm\u00fc&#8217;nden 2007 y\u0131l\u0131nda mezun olduktan sonra ayn\u0131 b\u00f6l\u00fcmde ara\u015ft\u0131rma g\u00f6revlisi olarak akademik hayata ba\u015flad\u0131. Doktora \u00f6\u011frenimini 2013 y\u0131l\u0131nda tamamlayan ara\u015ft\u0131rmac\u0131 Trabzon \u00dcniversitesi Fatih E\u011fitim Fak\u00fcltesi&#8217;nde g\u00f6rev yapmaktad\u0131r.<\/p>\n<\/div>\n<\/div>\n<\/div>\n<\/div>\n<\/div>\n<\/div>\n<\/div>\n<\/td>\n<\/tr>\n<tr>\n<td bgcolor=\"#CCCCCC\">\n<div align=\"left\">\u00c7al\u0131\u015fma Alanlar\u0131:<\/div>\n<\/td>\n<td bgcolor=\"#F3F3F3\">\u00a0Bilgisayar destekli matematik \u00f6\u011fretimi, Analiz kavramlar\u0131n\u0131n \u00f6\u011fretimi, S\u00fcre\u00e7-Nesne Temelli \u00f6\u011frenme teorileri.<\/td>\n<\/tr>\n<tr>\n<td bgcolor=\"#CCCCCC\">\n<div align=\"left\">\u0130leti\u015fim Bilgileri:<\/div>\n<\/td>\n<td bgcolor=\"#FFFFFF\"><\/td>\n<\/tr>\n<tr>\n<td bgcolor=\"#CCCCCC\">E-posta:<\/td>\n<td bgcolor=\"#F3F3F3\">erdemcekmez@gmail.com<\/td>\n<\/tr>\n<tr>\n<td bgcolor=\"#CCCCCC\">\n<div align=\"left\">Web Adresi:<\/div>\n<\/td>\n<td bgcolor=\"#FFFFFF\"><\/td>\n<\/tr>\n<\/tbody>\n<\/table>\n<p style=\"text-align: right;\">\n","protected":false},"excerpt":{"rendered":"<p>Do\u00e7. Dr.\u00a0Erdem \u00c7EKMEZ 1982 y\u0131l\u0131nda Bursa&#8217;da do\u011fdu. \u0130lkokulu Karacabey Atat\u00fcrk \u0130lkokulu&#8217;nda, orta\u00f6\u011frenimini Karacabey Anadolu Lisesi&#8217;nde ve lise \u00f6\u011frenimini Sava\u015ftepe Anadolu \u00d6\u011fretmen Lisesi&#8217;nde tamamlad\u0131. Karadeniz Teknik \u00dcniversitesi Orta\u00f6\u011fretim Matematik \u00d6\u011fretmenli\u011fi B\u00f6l\u00fcm\u00fc&#8217;nden 2007 y\u0131l\u0131nda mezun olduktan sonra ayn\u0131 b\u00f6l\u00fcmde ara\u015ft\u0131rma g\u00f6revlisi olarak akademik hayata ba\u015flad\u0131. Doktora \u00f6\u011frenimini 2013 y\u0131l\u0131nda tamamlayan ara\u015ft\u0131rmac\u0131 Trabzon \u00dcniversitesi Fatih E\u011fitim Fak\u00fcltesi&#8217;nde g\u00f6rev [&hellip;]<\/p>\n","protected":false},"author":1,"featured_media":0,"parent":0,"menu_order":0,"comment_status":"closed","ping_status":"closed","template":"","meta":[],"_links":{"self":[{"href":"https:\/\/bilmat.org\/calisma_grubu\/wp-json\/wp\/v2\/pages\/2335"}],"collection":[{"href":"https:\/\/bilmat.org\/calisma_grubu\/wp-json\/wp\/v2\/pages"}],"about":[{"href":"https:\/\/bilmat.org\/calisma_grubu\/wp-json\/wp\/v2\/types\/page"}],"author":[{"embeddable":true,"href":"https:\/\/bilmat.org\/calisma_grubu\/wp-json\/wp\/v2\/users\/1"}],"replies":[{"embeddable":true,"href":"https:\/\/bilmat.org\/calisma_grubu\/wp-json\/wp\/v2\/comments?post=2335"}],"version-history":[{"count":3,"href":"https:\/\/bilmat.org\/calisma_grubu\/wp-json\/wp\/v2\/pages\/2335\/revisions"}],"predecessor-version":[{"id":2384,"href":"https:\/\/bilmat.org\/calisma_grubu\/wp-json\/wp\/v2\/pages\/2335\/revisions\/2384"}],"wp:attachment":[{"href":"https:\/\/bilmat.org\/calisma_grubu\/wp-json\/wp\/v2\/media?parent=2335"}],"curies":[{"name":"wp","href":"https:\/\/api.w.org\/{rel}","templated":true}]}}

Doç. Dr. Erdem ÇEKMEZ

<table border="0" width="100%" cellspacing="1" cellpadding="1" align="left" bgcolor="#CCCCCC">
<tbody>
<tr>
<td bgcolor="#CCCCCC" width="116">
<div style="text-align: center;" align="left">Doç. Dr. Erdem ÇEKMEZ</div>
<div style="text-align: center;" align="left"></div>
<div style="text-align: center;" align="left"><a href="http://bilmat.org/calisma_grubu/wp-content/uploads/2020/11/Ekran-Alıntısı-erdem-cekmez.jpg"><img loading="lazy" class="aligncenter size-full wp-image-2313" src="http://bilmat.org/calisma_grubu/wp-content/uploads/2020/11/Ekran-Alıntısı-erdem-cekmez.jpg" alt="Ekran Alıntısı - erdem cekmez" width="61" height="78" srcset="https://bilmat.org/calisma_grubu/wp-content/uploads/2020/11/Ekran-Alıntısı-erdem-cekmez.jpg 61w, https://bilmat.org/calisma_grubu/wp-content/uploads/2020/11/Ekran-Alıntısı-erdem-cekmez-50x64.jpg 50w" sizes="(max-width: 61px) 100vw, 61px" /></a></div>
<p><img class="thumbnail" src="http://bilmat.org/calisma_grubu/wp-content/uploads/2019/10/50374332344_Neslihan-SÖNMEZ.jpg" alt="" /></td>
<td valign="top" bgcolor="#FFFFFF">
<div align="left">
<div align="left">
<div align="left">
<div align="left">
<div align="left">
<div align="left">
<div align="justify">
<p>1982 yılında Bursa&#8217;da doğdu. İlkokulu Karacabey Atatürk İlkokulu&#8217;nda, ortaöğrenimini Karacabey Anadolu Lisesi&#8217;nde ve lise öğrenimini Savaştepe Anadolu Öğretmen Lisesi&#8217;nde tamamladı. Karadeniz Teknik Üniversitesi Ortaöğretim Matematik Öğretmenliği Bölümü&#8217;nden 2007 yılında mezun olduktan sonra aynı bölümde araştırma görevlisi olarak akademik hayata başladı. Doktora öğrenimini 2013 yılında tamamlayan araştırmacı Trabzon Üniversitesi Fatih Eğitim Fakültesi&#8217;nde görev yapmaktadır.</p>
</div>
</div>
</div>
</div>
</div>
</div>
</div>
</td>
</tr>
<tr>
<td bgcolor="#CCCCCC">
<div align="left">Çalışma Alanları:</div>
</td>
<td bgcolor="#F3F3F3"> Bilgisayar destekli matematik öğretimi, Analiz kavramlarının öğretimi, Süreç-Nesne Temelli öğrenme teorileri.</td>
</tr>
<tr>
<td bgcolor="#CCCCCC">
<div align="left">İletişim Bilgileri:</div>
</td>
<td bgcolor="#FFFFFF"></td>
</tr>
<tr>
<td bgcolor="#CCCCCC">E-posta:</td>
<td bgcolor="#F3F3F3">erdemcekmez@gmail.com</td>
</tr>
<tr>
<td bgcolor="#CCCCCC">
<div align="left">Web Adresi:</div>
</td>
<td bgcolor="#FFFFFF"></td>
</tr>
</tbody>
</table>
<p style="text-align: right;">

<p>Doç. Dr. Erdem ÇEKMEZ 1982 yılında Bursa&#8217;da doğdu. İlkokulu Karacabey Atatürk İlkokulu&#8217;nda, ortaöğrenimini Karacabey Anadolu Lisesi&#8217;nde ve lise öğrenimini Savaştepe Anadolu Öğretmen Lisesi&#8217;nde tamamladı. Karadeniz Teknik Üniversitesi Ortaöğretim Matematik Öğretmenliği Bölümü&#8217;nden 2007 yılında mezun olduktan sonra aynı bölümde araştırma görevlisi olarak akademik hayata başladı. Doktora öğrenimini 2013 yılında tamamlayan araştırmacı Trabzon Üniversitesi Fatih Eğitim Fakültesi&#8217;nde görev [&hellip;]</p>
