{"id":2371,"date":"2020-11-23T18:54:35","date_gmt":"2020-11-23T18:54:35","guid":{"rendered":"http:\/\/bilmat.org\/calisma_grubu\/?page_id=2371"},"modified":"2021-06-15T01:25:20","modified_gmt":"2021-06-15T01:25:20","slug":"doc-dr-gonul-gunes","status":"publish","type":"page","link":"https:\/\/bilmat.org\/calisma_grubu\/doc-dr-gonul-gunes\/","title":{"rendered":"Do\u00e7. Dr. G\u00f6n\u00fcl G\u00dcNE\u015e"},"content":{"rendered":"<table border=\"0\" width=\"100%\" cellspacing=\"1\" cellpadding=\"1\" align=\"left\" bgcolor=\"#CCCCCC\">\n<tbody>\n<tr>\n<td bgcolor=\"#CCCCCC\" width=\"116\">\n<div style=\"text-align: center;\" align=\"left\"><a href=\"http:\/\/bilmat.org\/calisma_grubu\/wp-content\/uploads\/2021\/06\/gonulgunes.jpg\"><img loading=\"lazy\" class=\"aligncenter wp-image-2525 size-medium\" src=\"http:\/\/bilmat.org\/calisma_grubu\/wp-content\/uploads\/2021\/06\/gonulgunes-400x421.jpg\" alt=\"\" width=\"285\" height=\"300\" srcset=\"https:\/\/bilmat.org\/calisma_grubu\/wp-content\/uploads\/2021\/06\/gonulgunes-400x421.jpg 400w, https:\/\/bilmat.org\/calisma_grubu\/wp-content\/uploads\/2021\/06\/gonulgunes-650x684.jpg 650w, https:\/\/bilmat.org\/calisma_grubu\/wp-content\/uploads\/2021\/06\/gonulgunes-250x263.jpg 250w, https:\/\/bilmat.org\/calisma_grubu\/wp-content\/uploads\/2021\/06\/gonulgunes-768x808.jpg 768w, https:\/\/bilmat.org\/calisma_grubu\/wp-content\/uploads\/2021\/06\/gonulgunes-150x158.jpg 150w, https:\/\/bilmat.org\/calisma_grubu\/wp-content\/uploads\/2021\/06\/gonulgunes-50x53.jpg 50w, https:\/\/bilmat.org\/calisma_grubu\/wp-content\/uploads\/2021\/06\/gonulgunes-100x105.jpg 100w, https:\/\/bilmat.org\/calisma_grubu\/wp-content\/uploads\/2021\/06\/gonulgunes-200x210.jpg 200w, https:\/\/bilmat.org\/calisma_grubu\/wp-content\/uploads\/2021\/06\/gonulgunes-300x315.jpg 300w, https:\/\/bilmat.org\/calisma_grubu\/wp-content\/uploads\/2021\/06\/gonulgunes-350x368.jpg 350w, https:\/\/bilmat.org\/calisma_grubu\/wp-content\/uploads\/2021\/06\/gonulgunes-450x473.jpg 450w, https:\/\/bilmat.org\/calisma_grubu\/wp-content\/uploads\/2021\/06\/gonulgunes-500x526.jpg 500w, https:\/\/bilmat.org\/calisma_grubu\/wp-content\/uploads\/2021\/06\/gonulgunes-550x578.jpg 550w, https:\/\/bilmat.org\/calisma_grubu\/wp-content\/uploads\/2021\/06\/gonulgunes-800x841.jpg 800w, https:\/\/bilmat.org\/calisma_grubu\/wp-content\/uploads\/2021\/06\/gonulgunes-1200x1262.jpg 1200w, https:\/\/bilmat.org\/calisma_grubu\/wp-content\/uploads\/2021\/06\/gonulgunes.jpg 1260w\" sizes=\"(max-width: 285px) 100vw, 285px\" \/><\/a><\/div>\n<\/td>\n<td valign=\"top\" bgcolor=\"#FFFFFF\">\n<div align=\"left\">\n<div align=\"left\">\n<div align=\"left\">\n<div align=\"left\">\n<div align=\"left\">\n<div align=\"left\">\n<div align=\"justify\">\n<table style=\"height: 150px;\" width=\"671\">\n<tbody>\n<tr>\n<td width=\"659\">&nbsp;<\/p>\n<p><span style=\"font-size: 10pt;\">1973 y\u0131l\u0131nda Trabzon\u2019da do\u011fdu. \u0130lkokul, ortaokul ve lise \u00f6\u011frenimini Trabzon\u2019da tamamlad\u0131. 1993 y\u0131l\u0131nda Karadeniz Teknik \u00dcniversitesi Fatih E\u011fitim Fak\u00fcltesi S\u0131n\u0131f \u00d6\u011fretmenli\u011fi B\u00f6l\u00fcm\u00fcn\u00fc yan alan\u0131 Matematik olarak bitirdi. Mezun oldu\u011fu fak\u00fcltede ara\u015ft\u0131rma g\u00f6revlisi olarak g\u00f6reve ba\u015flad\u0131. 1997 y\u0131l\u0131nda Gazi \u00dcniversitesi Sosyal Bilimler Enstit\u00fcs\u00fc S\u0131n\u0131f \u00d6\u011fretmenli\u011fi Program\u0131nda y\u00fcksek lisans\u0131n\u0131 tamamlad\u0131. Doktora e\u011fitimi Karadeniz Teknik \u00dcniversitesi Fen Bilimleri Enstit\u00fcs\u00fc \u0130lk\u00f6\u011fretim B\u00f6l\u00fcm\u00fc Matematik E\u011fitimi Anabilim Dal\u0131\u2019nda 2008 y\u0131l\u0131nda tamamlad\u0131. 2008-2011 y\u0131llar\u0131 aras\u0131nda Karadeniz Teknik \u00dcniversitesi Fatih E\u011fitim Fak\u00fcltesi \u0130lk\u00f6\u011fretim B\u00f6l\u00fcm\u00fcnde \u00f6\u011fretim g\u00f6revlisi doktor olarak g\u00f6rev yapt\u0131. 2011-2017 y\u0131llar\u0131 aras\u0131nda ayn\u0131 b\u00f6l\u00fcmde yard\u0131mc\u0131 do\u00e7ent doktor olarak \u00e7al\u0131\u015ft\u0131. 2017 tarihi itibariyle Karadeniz Teknik \u00dcniversitesi Fatih E\u011fitim Fak\u00fcltesi Temel E\u011fitim B\u00f6l\u00fcm\u00fcnde yard\u0131mc\u0131 do\u00e7ent doktor olarak \u00e7al\u0131\u015fmaya devam etmektedir. 2 Mart 2017 tarihinde girmi\u015f oldu\u011fu Do\u00e7entlik s\u00f6zl\u00fc s\u0131nav\u0131nda ba\u015far\u0131l\u0131 olarak Do\u00e7ent unvan\u0131n\u0131 kazanm\u0131\u015ft\u0131r.<\/span><\/td>\n<\/tr>\n<\/tbody>\n<\/table>\n<\/div>\n<\/div>\n<\/div>\n<\/div>\n<\/div>\n<\/div>\n<\/div>\n<\/td>\n<\/tr>\n<tr>\n<td bgcolor=\"#CCCCCC\">\n<div align=\"left\">\u00c7al\u0131\u015fma Alanlar\u0131:<\/div>\n<\/td>\n<td bgcolor=\"#F3F3F3\">\u0130lkokul\/Ortaokul Matematik \u00d6\u011fretimi, Matematik \u00d6\u011fretme Bilgisi, \u00d6\u011fretmen E\u011fitimi<\/td>\n<\/tr>\n<tr>\n<td bgcolor=\"#CCCCCC\">\n<div align=\"left\">\u0130leti\u015fim Bilgileri:<\/div>\n<\/td>\n<td bgcolor=\"#FFFFFF\"><\/td>\n<\/tr>\n<tr>\n<td bgcolor=\"#CCCCCC\">E-posta:<\/td>\n<td bgcolor=\"#F3F3F3\">gmgunes@trabzon.edu.tr<\/td>\n<\/tr>\n<tr>\n<td bgcolor=\"#CCCCCC\">\n<div align=\"left\">Web Adresi:<\/div>\n<\/td>\n<td bgcolor=\"#FFFFFF\"><\/td>\n<\/tr>\n<\/tbody>\n<\/table>\n<p style=\"text-align: right;\">\n","protected":false},"excerpt":{"rendered":"<p>&nbsp; 1973 y\u0131l\u0131nda Trabzon\u2019da do\u011fdu. \u0130lkokul, ortaokul ve lise \u00f6\u011frenimini Trabzon\u2019da tamamlad\u0131. 1993 y\u0131l\u0131nda Karadeniz Teknik \u00dcniversitesi Fatih E\u011fitim Fak\u00fcltesi S\u0131n\u0131f \u00d6\u011fretmenli\u011fi B\u00f6l\u00fcm\u00fcn\u00fc yan alan\u0131 Matematik olarak bitirdi. Mezun oldu\u011fu fak\u00fcltede ara\u015ft\u0131rma g\u00f6revlisi olarak g\u00f6reve ba\u015flad\u0131. 1997 y\u0131l\u0131nda Gazi \u00dcniversitesi Sosyal Bilimler Enstit\u00fcs\u00fc S\u0131n\u0131f \u00d6\u011fretmenli\u011fi Program\u0131nda y\u00fcksek lisans\u0131n\u0131 tamamlad\u0131. Doktora e\u011fitimi Karadeniz Teknik \u00dcniversitesi Fen [&hellip;]<\/p>\n","protected":false},"author":1,"featured_media":0,"parent":0,"menu_order":0,"comment_status":"closed","ping_status":"closed","template":"","meta":[],"_links":{"self":[{"href":"https:\/\/bilmat.org\/calisma_grubu\/wp-json\/wp\/v2\/pages\/2371"}],"collection":[{"href":"https:\/\/bilmat.org\/calisma_grubu\/wp-json\/wp\/v2\/pages"}],"about":[{"href":"https:\/\/bilmat.org\/calisma_grubu\/wp-json\/wp\/v2\/types\/page"}],"author":[{"embeddable":true,"href":"https:\/\/bilmat.org\/calisma_grubu\/wp-json\/wp\/v2\/users\/1"}],"replies":[{"embeddable":true,"href":"https:\/\/bilmat.org\/calisma_grubu\/wp-json\/wp\/v2\/comments?post=2371"}],"version-history":[{"count":4,"href":"https:\/\/bilmat.org\/calisma_grubu\/wp-json\/wp\/v2\/pages\/2371\/revisions"}],"predecessor-version":[{"id":2527,"href":"https:\/\/bilmat.org\/calisma_grubu\/wp-json\/wp\/v2\/pages\/2371\/revisions\/2527"}],"wp:attachment":[{"href":"https:\/\/bilmat.org\/calisma_grubu\/wp-json\/wp\/v2\/media?parent=2371"}],"curies":[{"name":"wp","href":"https:\/\/api.w.org\/{rel}","templated":true}]}}