{"id":2423,"date":"2021-01-04T03:28:18","date_gmt":"2021-01-04T03:28:18","guid":{"rendered":"http:\/\/bilmat.org\/calisma_grubu\/?page_id=2423"},"modified":"2021-01-24T15:40:09","modified_gmt":"2021-01-24T15:40:09","slug":"dr-ogr-uyesi-tugba-ozturk","status":"publish","type":"page","link":"https:\/\/bilmat.org\/calisma_grubu\/dr-ogr-uyesi-tugba-ozturk\/","title":{"rendered":"Dr. \u00d6\u011fr. \u00dcyesi Tu\u011fba \u00d6ZT\u00dcRK"},"content":{"rendered":"<table border=\"0\" width=\"100%\" cellspacing=\"1\" cellpadding=\"1\" align=\"left\" bgcolor=\"#CCCCCC\">\n<tbody>\n<tr>\n<td bgcolor=\"#CCCCCC\" width=\"116\">\n<div style=\"text-align: center;\" align=\"left\">Dr. \u00d6\u011fr. \u00dcyesi<\/div>\n<div style=\"text-align: center;\" align=\"left\">\n<p>Tu\u011fba \u00d6ZT\u00dcRK<\/p>\n<p><a href=\"http:\/\/bilmat.org\/calisma_grubu\/wp-content\/uploads\/2020\/11\/T.OZTURK-Tu\u011fba-\u00d6ZT\u00dcRK.jpg\"><img loading=\"lazy\" class=\"aligncenter size-medium wp-image-2330\" src=\"http:\/\/bilmat.org\/calisma_grubu\/wp-content\/uploads\/2020\/11\/T.OZTURK-Tu\u011fba-\u00d6ZT\u00dcRK-400x400.jpg\" alt=\"T.OZTURK - Tu\u011fba \u00d6ZT\u00dcRK\" width=\"300\" height=\"300\" srcset=\"https:\/\/bilmat.org\/calisma_grubu\/wp-content\/uploads\/2020\/11\/T.OZTURK-Tu\u011fba-\u00d6ZT\u00dcRK-400x400.jpg 400w, https:\/\/bilmat.org\/calisma_grubu\/wp-content\/uploads\/2020\/11\/T.OZTURK-Tu\u011fba-\u00d6ZT\u00dcRK-250x250.jpg 250w, https:\/\/bilmat.org\/calisma_grubu\/wp-content\/uploads\/2020\/11\/T.OZTURK-Tu\u011fba-\u00d6ZT\u00dcRK-768x768.jpg 768w, https:\/\/bilmat.org\/calisma_grubu\/wp-content\/uploads\/2020\/11\/T.OZTURK-Tu\u011fba-\u00d6ZT\u00dcRK-650x650.jpg 650w, https:\/\/bilmat.org\/calisma_grubu\/wp-content\/uploads\/2020\/11\/T.OZTURK-Tu\u011fba-\u00d6ZT\u00dcRK-150x150.jpg 150w, https:\/\/bilmat.org\/calisma_grubu\/wp-content\/uploads\/2020\/11\/T.OZTURK-Tu\u011fba-\u00d6ZT\u00dcRK-50x50.jpg 50w, https:\/\/bilmat.org\/calisma_grubu\/wp-content\/uploads\/2020\/11\/T.OZTURK-Tu\u011fba-\u00d6ZT\u00dcRK-100x100.jpg 100w, https:\/\/bilmat.org\/calisma_grubu\/wp-content\/uploads\/2020\/11\/T.OZTURK-Tu\u011fba-\u00d6ZT\u00dcRK-200x200.jpg 200w, https:\/\/bilmat.org\/calisma_grubu\/wp-content\/uploads\/2020\/11\/T.OZTURK-Tu\u011fba-\u00d6ZT\u00dcRK-300x300.jpg 300w, https:\/\/bilmat.org\/calisma_grubu\/wp-content\/uploads\/2020\/11\/T.OZTURK-Tu\u011fba-\u00d6ZT\u00dcRK-350x350.jpg 350w, https:\/\/bilmat.org\/calisma_grubu\/wp-content\/uploads\/2020\/11\/T.OZTURK-Tu\u011fba-\u00d6ZT\u00dcRK-450x450.jpg 450w, https:\/\/bilmat.org\/calisma_grubu\/wp-content\/uploads\/2020\/11\/T.OZTURK-Tu\u011fba-\u00d6ZT\u00dcRK-500x500.jpg 500w, https:\/\/bilmat.org\/calisma_grubu\/wp-content\/uploads\/2020\/11\/T.OZTURK-Tu\u011fba-\u00d6ZT\u00dcRK-550x550.jpg 550w, https:\/\/bilmat.org\/calisma_grubu\/wp-content\/uploads\/2020\/11\/T.OZTURK-Tu\u011fba-\u00d6ZT\u00dcRK-800x800.jpg 800w, https:\/\/bilmat.org\/calisma_grubu\/wp-content\/uploads\/2020\/11\/T.OZTURK-Tu\u011fba-\u00d6ZT\u00dcRK.jpg 1065w\" sizes=\"(max-width: 300px) 100vw, 300px\" \/><\/a><\/p>\n<\/div>\n<p><img class=\"thumbnail\" src=\"http:\/\/bilmat.org\/calisma_grubu\/wp-content\/uploads\/2019\/10\/50374332344_Neslihan-S\u00d6NMEZ.jpg\" alt=\"\" \/><\/td>\n<td valign=\"top\" bgcolor=\"#FFFFFF\">\n<div align=\"left\">\n<div align=\"left\">\n<div align=\"left\">\n<div align=\"left\">\n<div align=\"left\">\n<div align=\"left\">\n<div align=\"justify\">\n<table style=\"height: 150px;\" width=\"671\">\n<tbody>\n<tr>\n<td width=\"659\">&nbsp;<\/p>\n<p>Tu\u011fba \u00d6ZT\u00dcRK, ilk, orta ve lise \u00f6\u011frenimini Trabzon\u2019da tamamlad\u0131. 2005 y\u0131l\u0131nda kazand\u0131\u011f\u0131 Karadeniz Teknik \u00dcniversitesi Fatih E\u011fitim Fak\u00fcltesi Orta\u00f6\u011fretim Fen ve Matematik Alanlar\u0131 E\u011fitimi Matematik \u00d6\u011fretmenli\u011fi program\u0131n\u0131 2010 y\u0131l\u0131nda b\u00f6l\u00fcm birincili\u011fi ile bitirdi. Ayn\u0131 y\u0131l Karadeniz Teknik \u00dcniversitesi E\u011fitim Bilimleri Enstit\u00fcs\u00fc Orta\u00f6\u011fretim Fen ve Matematik Alanlar\u0131 E\u011fitimi Anabilim dal\u0131 Matematik E\u011fitimi alan\u0131nda doktora e\u011fitimine ba\u015flad\u0131. 2011 y\u0131l\u0131nda \u00d6YP kapsam\u0131nda Karadeniz Teknik \u00dcniversitesi Fatih E\u011fitim Fak\u00fcltesi\u2019nde ara\u015ft\u0131rma g\u00f6revlisi olarak \u00e7al\u0131\u015fmaya ba\u015flad\u0131. 2016 y\u0131l\u0131nda \u201cMatematik \u00d6\u011fretmeni Adaylar\u0131n\u0131n \u0130spatlama Becerilerini Geli\u015ftirmeye Y\u00f6nelik Tasarlanan \u00d6\u011frenme Ortam\u0131n\u0131n De\u011ferlendirilmesi\u201d ba\u015fl\u0131kl\u0131 tezi ile doktora e\u011fitimini tamamlad\u0131 ve 2017 y\u0131l\u0131na kadar ayn\u0131 \u00fcniversitede ara\u015ft\u0131rma g\u00f6revlisi doktor olarak \u00e7al\u0131\u015fmaya devam etti. 2017 y\u0131l\u0131ndan itibaren ise Karadeniz \u00dcniversitesi Fatih E\u011fitim Fak\u00fcltesi Matematik ve Fen Bilimleri E\u011fitimi B\u00f6l\u00fcm\u00fc Matematik E\u011fitimi Anabilim Dal\u0131nda \u00f6\u011fretim \u00fcyeli\u011fine ba\u015flad\u0131. 2018 y\u0131l\u0131ndan sonra Trabzon \u00dcniversitesi b\u00fcnyesinde \u00f6\u011fretim \u00fcyesi olarak g\u00f6revine devam etmekte ve matematik e\u011fitimi alan\u0131nda akademik \u00e7al\u0131\u015fmalar ger\u00e7ekle\u015ftirmektedir.<\/td>\n<\/tr>\n<\/tbody>\n<\/table>\n<\/div>\n<\/div>\n<\/div>\n<\/div>\n<\/div>\n<\/div>\n<\/div>\n<\/td>\n<\/tr>\n<tr>\n<td bgcolor=\"#CCCCCC\">\n<div align=\"left\">\u00c7al\u0131\u015fma Alanlar\u0131:<\/div>\n<\/td>\n<td bgcolor=\"#F3F3F3\">Matematiksel \u0130spat, Matematiksel D\u00fc\u015f\u00fcnme, Dinamik Geometri, Problem \u00c7\u00f6zme<\/td>\n<\/tr>\n<tr>\n<td bgcolor=\"#CCCCCC\">\n<div align=\"left\">\u0130leti\u015fim Bilgileri:<\/div>\n<\/td>\n<td bgcolor=\"#FFFFFF\"><\/td>\n<\/tr>\n<tr>\n<td bgcolor=\"#CCCCCC\">E-posta:<\/td>\n<td bgcolor=\"#F3F3F3\">tugbaozturk@trabzon.edu.tr<\/td>\n<\/tr>\n<tr>\n<td bgcolor=\"#CCCCCC\">\n<div align=\"left\">Web Adresi:<\/div>\n<\/td>\n<td bgcolor=\"#FFFFFF\"><\/td>\n<\/tr>\n<\/tbody>\n<\/table>\n<p style=\"text-align: right;\">\n","protected":false},"excerpt":{"rendered":"<p>Dr. \u00d6\u011fr. \u00dcyesi Tu\u011fba \u00d6ZT\u00dcRK &nbsp; Tu\u011fba \u00d6ZT\u00dcRK, ilk, orta ve lise \u00f6\u011frenimini Trabzon\u2019da tamamlad\u0131. 2005 y\u0131l\u0131nda kazand\u0131\u011f\u0131 Karadeniz Teknik \u00dcniversitesi Fatih E\u011fitim Fak\u00fcltesi Orta\u00f6\u011fretim Fen ve Matematik Alanlar\u0131 E\u011fitimi Matematik \u00d6\u011fretmenli\u011fi program\u0131n\u0131 2010 y\u0131l\u0131nda b\u00f6l\u00fcm birincili\u011fi ile bitirdi. Ayn\u0131 y\u0131l Karadeniz Teknik \u00dcniversitesi E\u011fitim Bilimleri Enstit\u00fcs\u00fc Orta\u00f6\u011fretim Fen ve Matematik Alanlar\u0131 E\u011fitimi Anabilim dal\u0131 [&hellip;]<\/p>\n","protected":false},"author":1,"featured_media":0,"parent":0,"menu_order":0,"comment_status":"closed","ping_status":"closed","template":"","meta":[],"_links":{"self":[{"href":"https:\/\/bilmat.org\/calisma_grubu\/wp-json\/wp\/v2\/pages\/2423"}],"collection":[{"href":"https:\/\/bilmat.org\/calisma_grubu\/wp-json\/wp\/v2\/pages"}],"about":[{"href":"https:\/\/bilmat.org\/calisma_grubu\/wp-json\/wp\/v2\/types\/page"}],"author":[{"embeddable":true,"href":"https:\/\/bilmat.org\/calisma_grubu\/wp-json\/wp\/v2\/users\/1"}],"replies":[{"embeddable":true,"href":"https:\/\/bilmat.org\/calisma_grubu\/wp-json\/wp\/v2\/comments?post=2423"}],"version-history":[{"count":2,"href":"https:\/\/bilmat.org\/calisma_grubu\/wp-json\/wp\/v2\/pages\/2423\/revisions"}],"predecessor-version":[{"id":2443,"href":"https:\/\/bilmat.org\/calisma_grubu\/wp-json\/wp\/v2\/pages\/2423\/revisions\/2443"}],"wp:attachment":[{"href":"https:\/\/bilmat.org\/calisma_grubu\/wp-json\/wp\/v2\/media?parent=2423"}],"curies":[{"name":"wp","href":"https:\/\/api.w.org\/{rel}","templated":true}]}}