{"id":572,"date":"2014-02-19T14:10:41","date_gmt":"2014-02-19T14:10:41","guid":{"rendered":"http:\/\/bilmat.org\/calisma_grubu\/?page_id=572"},"modified":"2014-09-08T06:42:04","modified_gmt":"2014-09-08T06:42:04","slug":"projeler","status":"publish","type":"page","link":"https:\/\/bilmat.org\/calisma_grubu\/projeler\/","title":{"rendered":"Projeler"},"content":{"rendered":"<h3 style=\"text-align: center;\"><\/h3>\n<table width=\"720\" border=\"0\" cellspacing=\"1\" cellpadding=\"1\" bgcolor=\"#CCCCCC\">\n<tbody>\n<tr>\n<td align=\"center\" bgcolor=\"#737373\" width=\"618\">Proje Ad\u0131<\/td>\n<td align=\"center\" bgcolor=\"#737373\" width=\"95\">D\u00f6nem<\/td>\n<\/tr>\n<tr>\n<td bgcolor=\"#CCCCCC\"><a href=\"http:\/\/bilmat.org\/calisma_grubu\/wp-content\/uploads\/2014\/02\/Celik2014.pdf\" target=\"_blank\">\u0130lk\u00f6\u011fretim Matematik \u00d6\u011fretmeni Adaylar\u0131n\u0131n Matematik \u00d6\u011fretme Bilgi ve<br \/>\n\u0130nan\u00e7lar\u0131n\u0131n\u00a0Ulusal ve Uluslararas\u0131 D\u00fczeyde Kar\u015f\u0131la\u015ft\u0131r\u0131lmas\u0131<\/a><\/td>\n<td align=\"left\" bgcolor=\"#CCCCCC\" width=\"95\">2014-<\/td>\n<\/tr>\n<tr>\n<td nowrap=\"nowrap\" bgcolor=\"#FFFFFF\"><a href=\"http:\/\/bilmat.org\/calisma_grubu\/wp-content\/uploads\/2014\/02\/HayalYavuz2014.pdf\" target=\"_blank\">Matematik B\u00f6l\u00fcm\u00fc \u00d6\u011frencilerinin Ger\u00e7ek Ya\u015famda Matemati\u011fi Kullanma<br \/>\nBecerilerinin\u00a0Yorumlamas\u0131: Bir Kar\u015f\u0131la\u015ft\u0131rma (Cross -Age) \u00c7al\u0131\u015fmas\u0131<\/a><\/td>\n<td align=\"left\" bgcolor=\"#FFFFFF\" width=\"95\">2014-<\/td>\n<\/tr>\n<tr>\n<td bgcolor=\"#CCCCCC\"><a href=\"http:\/\/bilmat.org\/calisma_grubu\/wp-content\/uploads\/2014\/02\/Atasoy2013.pdf\" target=\"_blank\">\u0130lk\u00f6\u011fretim Matematik \u00d6\u011fretmen Adaylar\u0131n\u0131n Teknolojiyi \u00d6\u011fretime Entegre<br \/>\nEtme S\u00fcrecindeki\u00a0Geli\u015fimlerinin \u0130ncelenmesi<\/a><\/td>\n<td align=\"left\" bgcolor=\"#CCCCCC\" width=\"95\">2013-<\/td>\n<\/tr>\n<tr>\n<td bgcolor=\"#FFFFFF\"><a href=\"http:\/\/bilmat.org\/calisma_grubu\/wp-content\/uploads\/2014\/02\/Gunes2013.pdf\" target=\"_blank\">Karadeniz Teknik \u00dcniversitesi Fatih E\u011fitim Fak\u00fcltesinde G\u00f6rme Engelli<br \/>\n\u00d6\u011frenciler \u0130\u00e7in\u00a0K\u00fct\u00fcphane B\u00f6l\u00fcm\u00fc Olu\u015fturulmas\u0131<\/a><\/td>\n<td align=\"left\" bgcolor=\"#FFFFFF\">2013-<\/td>\n<\/tr>\n<tr>\n<td bgcolor=\"#CCCCCC\"><a href=\"http:\/\/bilmat.org\/calisma_grubu\/wp-content\/uploads\/2014\/02\/Guven2013.pdf\" target=\"_blank\">\u00dcniversite \u00d6\u011frencilerinin \u0130statistiksel Okuryazarl\u0131k D\u00fczeylerinin Belirlenmesi<\/a><\/td>\n<td align=\"left\" bgcolor=\"#CCCCCC\" width=\"95\">2013-<\/td>\n<\/tr>\n<tr>\n<td bgcolor=\"#FFFFFF\"><a href=\"http:\/\/bilmat.org\/calisma_grubu\/wp-content\/uploads\/2014\/02\/Iskenderoglu2013.pdf\" target=\"_blank\">Matematik \u00d6\u011fretmeni Adaylar\u0131n\u0131n \u00d6zel \u00d6\u011fretim Y\u00f6ntemleri Dersinde Materyal<br \/>\nKullan\u0131mlar\u0131na \u0130li\u015fkin Becerileri<\/a><\/td>\n<td align=\"left\" bgcolor=\"#FFFFFF\" width=\"95\">2013-<\/td>\n<\/tr>\n<tr>\n<td bgcolor=\"#CCCCCC\"><a href=\"http:\/\/bilmat.org\/calisma_grubu\/wp-content\/uploads\/2013\/11\/Celik-Guler.pdf\">Matematik \u00d6\u011fretmeni Adaylar\u0131n\u0131n Matematik \u00d6\u011fretme Bilgilerinin Alan Bilgisi ve Pedagojik Alan Bilgisi Ba\u011flam\u0131nda \u0130ncelenmesi: Cebir \u00d6\u011frenme Alan\u0131 \u00d6rne\u011fi<\/a><\/td>\n<td align=\"left\" bgcolor=\"#CCCCCC\">2012-2014<\/td>\n<\/tr>\n<tr>\n<td bgcolor=\"#FFFFFF\"><a href=\"http:\/\/bilmat.org\/calisma_grubu\/wp-content\/uploads\/2014\/02\/Akkan2012.pdf\" target=\"_blank\">Cebir Ge\u00e7i\u015f Etkinliklerinin Geli\u015ftirilmesi, Tasarlamas\u0131 ve De\u011ferlendirilmesi<\/a><\/td>\n<td align=\"left\" bgcolor=\"#FFFFFF\" width=\"95\">2012-<\/td>\n<\/tr>\n<tr>\n<td bgcolor=\"#CCCCCC\"><a href=\"http:\/\/bilmat.org\/calisma_grubu\/wp-content\/uploads\/2014\/02\/Baki2012.pdf\" target=\"_blank\">Geometri Dersi \u00d6\u011fretim Program\u0131nda \u00d6ng\u00f6r\u00fclen \u00d6\u011fretim S\u00fcrecinin Analizi<\/a><\/td>\n<td align=\"left\" bgcolor=\"#CCCCCC\" width=\"95\">2012-<\/td>\n<\/tr>\n<tr>\n<td bgcolor=\"#FFFFFF\" height=\"46\"><a href=\"http:\/\/bilmat.org\/calisma_grubu\/wp-content\/uploads\/2014\/02\/Karatas2012.pdf\" target=\"_blank\">\u00d6\u011fretmen Adaylar\u0131n\u0131n Matematik \u00d6\u011fretimde Teknolojik Pedagojik Alan Bilgilerinin<br \/>\nGeli\u015ftirilmesi<\/a><\/td>\n<td align=\"left\" bgcolor=\"#FFFFFF\" width=\"95\">2012-2013<\/td>\n<\/tr>\n<tr>\n<td bgcolor=\"#CCCCCC\"><a href=\"http:\/\/bilmat.org\/calisma_grubu\/wp-content\/uploads\/2014\/02\/Gokcek2011.pdf\" target=\"_blank\">6. S\u0131n\u0131f \u00d6\u011frencilerinin M\u00fcfredattaki Baz\u0131 Geometri Kavramlar\u0131n\u0131 \u00d6\u011frenmedeki Yeterlikleri:Trabzon ili \u00d6rne\u011fi<\/a><\/td>\n<td align=\"left\" bgcolor=\"#CCCCCC\" width=\"95\">2011-2012<\/td>\n<\/tr>\n<tr>\n<td bgcolor=\"#FFFFFF\"><a href=\"http:\/\/bilmat.org\/calisma_grubu\/wp-content\/uploads\/2014\/02\/Guven2010-2012.pdf\" target=\"_blank\">Okul \u00d6ncesi \u00d6\u011fretmenlerinin ve \u00d6\u011fretmen Adaylar\u0131n\u0131n Okul \u00d6ncesi D\u00f6nem<br \/>\nMatematik\u00a0E\u011fitimi Hakk\u0131ndaki D\u00fc\u015f\u00fcnce, \u0130nan\u00e7 ve S\u0131n\u0131f \u0130\u00e7i Etkinliklerinin \u0130ncelenmesi<\/a><\/td>\n<td align=\"left\" bgcolor=\"#FFFFFF\" width=\"95\">2010-2012<\/td>\n<\/tr>\n<tr>\n<td bgcolor=\"#CCCCCC\" height=\"39\"><a href=\"http:\/\/bilmat.org\/calisma_grubu\/wp-content\/uploads\/2014\/02\/Kutluca2010.pdf\" target=\"_blank\">Gelece\u011fin \u00d6\u011fretmenlerinin Derslerinde Somut Materyalleri Kullanmalar\u0131n\u0131n<br \/>\nMatematik\u00a0\u00d6\u011fretimine Etkileri<\/a><\/td>\n<td align=\"left\" bgcolor=\"#CCCCCC\" width=\"95\">2010-2012<\/td>\n<\/tr>\n<tr>\n<td bgcolor=\"#FFFFFF\"><a href=\"http:\/\/bilmat.org\/calisma_grubu\/wp-content\/uploads\/2014\/02\/Baki2008.pdf\" target=\"_blank\">4-5.S\u0131n\u0131f Matematik \u00d6\u011fretim Program\u0131nda \u00d6ng\u00f6r\u00fclen \u00d6l\u00e7me ve De\u011ferlendirme<br \/>\nYakla\u015f\u0131mlar\u0131n\u0131n \u00d6\u011fretmenler Taraf\u0131ndan Uygulanabilirli\u011fi<\/a><\/td>\n<td align=\"left\" bgcolor=\"#FFFFFF\">2008-2010<\/td>\n<\/tr>\n<tr>\n<td bgcolor=\"#CCCCCC\"><a href=\"http:\/\/bilmat.org\/calisma_grubu\/wp-content\/uploads\/2014\/02\/Baki2008Tubitak.pdf\" target=\"_blank\">Matematik \u00d6\u011fretiminde Uyarlanabilir Zeki Web Tabanl\u0131 E\u011fitim Sisteminin Tasarlanmas\u0131,Uygulanmas\u0131, De\u011ferlendirilmesi<\/a><\/td>\n<td align=\"left\" bgcolor=\"#CCCCCC\" width=\"95\">2008-2011<\/td>\n<\/tr>\n<tr>\n<td bgcolor=\"#FFFFFF\"><a href=\"http:\/\/bilmat.org\/calisma_grubu\/wp-content\/uploads\/2014\/02\/Gokcek2006.pdf\" target=\"_blank\">6.S\u0131n\u0131f Matematik \u00d6\u011fretmenlerinin \u00d6\u011fretim Program\u0131 Hakk\u0131ndaki Endi\u015felerinin<br \/>\nTespiti<\/a><\/td>\n<td align=\"left\" bgcolor=\"#FFFFFF\" width=\"95\">2006-2007<\/td>\n<\/tr>\n<tr>\n<td colspan=\"2\" align=\"center\" bgcolor=\"#F3F3F3\"><\/td>\n<\/tr>\n<\/tbody>\n<\/table>\n<p>&nbsp;<\/p>\n<h3><\/h3>\n<h3><\/h3>\n","protected":false},"excerpt":{"rendered":"<p>Proje Ad\u0131 D\u00f6nem \u0130lk\u00f6\u011fretim Matematik \u00d6\u011fretmeni Adaylar\u0131n\u0131n Matematik \u00d6\u011fretme Bilgi ve \u0130nan\u00e7lar\u0131n\u0131n\u00a0Ulusal ve Uluslararas\u0131 D\u00fczeyde Kar\u015f\u0131la\u015ft\u0131r\u0131lmas\u0131 2014- Matematik B\u00f6l\u00fcm\u00fc \u00d6\u011frencilerinin Ger\u00e7ek Ya\u015famda Matemati\u011fi Kullanma Becerilerinin\u00a0Yorumlamas\u0131: Bir Kar\u015f\u0131la\u015ft\u0131rma (Cross -Age) \u00c7al\u0131\u015fmas\u0131 2014- \u0130lk\u00f6\u011fretim Matematik \u00d6\u011fretmen Adaylar\u0131n\u0131n Teknolojiyi \u00d6\u011fretime Entegre Etme S\u00fcrecindeki\u00a0Geli\u015fimlerinin \u0130ncelenmesi 2013- Karadeniz Teknik \u00dcniversitesi Fatih E\u011fitim Fak\u00fcltesinde G\u00f6rme Engelli \u00d6\u011frenciler \u0130\u00e7in\u00a0K\u00fct\u00fcphane B\u00f6l\u00fcm\u00fc Olu\u015fturulmas\u0131 2013- [&hellip;]<\/p>\n","protected":false},"author":1,"featured_media":0,"parent":0,"menu_order":0,"comment_status":"closed","ping_status":"closed","template":"","meta":[],"_links":{"self":[{"href":"https:\/\/bilmat.org\/calisma_grubu\/wp-json\/wp\/v2\/pages\/572"}],"collection":[{"href":"https:\/\/bilmat.org\/calisma_grubu\/wp-json\/wp\/v2\/pages"}],"about":[{"href":"https:\/\/bilmat.org\/calisma_grubu\/wp-json\/wp\/v2\/types\/page"}],"author":[{"embeddable":true,"href":"https:\/\/bilmat.org\/calisma_grubu\/wp-json\/wp\/v2\/users\/1"}],"replies":[{"embeddable":true,"href":"https:\/\/bilmat.org\/calisma_grubu\/wp-json\/wp\/v2\/comments?post=572"}],"version-history":[{"count":9,"href":"https:\/\/bilmat.org\/calisma_grubu\/wp-json\/wp\/v2\/pages\/572\/revisions"}],"predecessor-version":[{"id":894,"href":"https:\/\/bilmat.org\/calisma_grubu\/wp-json\/wp\/v2\/pages\/572\/revisions\/894"}],"wp:attachment":[{"href":"https:\/\/bilmat.org\/calisma_grubu\/wp-json\/wp\/v2\/media?parent=572"}],"curies":[{"name":"wp","href":"https:\/\/api.w.org\/{rel}","templated":true}]}}