{"id":969,"date":"2014-09-08T12:20:28","date_gmt":"2014-09-08T12:20:28","guid":{"rendered":"http:\/\/bilmat.org\/calisma_grubu\/?page_id=969"},"modified":"2020-03-04T02:25:00","modified_gmt":"2020-03-04T02:25:00","slug":"doc-dr-temel-kosa","status":"publish","type":"page","link":"https:\/\/bilmat.org\/calisma_grubu\/doc-dr-temel-kosa\/","title":{"rendered":"Do\u00e7. Dr. Temel K\u00d6SA"},"content":{"rendered":"<table border=\"0\" width=\"100%\" cellspacing=\"1\" cellpadding=\"1\" align=\"left\" bgcolor=\"#CCCCCC\">\n<tbody>\n<tr>\n<td bgcolor=\"#CCCCCC\" width=\"116\">\n<div style=\"text-align: left;\" align=\"left\">Do\u00e7. Dr.<\/div>\n<div style=\"text-align: left;\" align=\"left\">Temel K\u00d6SA<\/div>\n<p><img loading=\"lazy\" src=\"http:\/\/www.bilmat.org\/ktubilmat\/kullanici\/51.jpg\" alt=\"\" width=\"120\" height=\"130\" \/><\/td>\n<td valign=\"top\" bgcolor=\"#FFFFFF\">\n<div align=\"left\">\n<div align=\"left\">\n<div align=\"left\">\n<div align=\"left\">\n<div align=\"left\">\n<div align=\"left\">\n<div align=\"left\">\n<div align=\"left\"><a href=\"http:\/\/www.bilmat.org\/ktubilmat\/yayh.php?ids=25\" target=\"_blank\">Yay\u0131nlar<\/a><\/div>\n<div align=\"justify\">1979 y\u0131l\u0131nda Artvin&#8217;in Bor\u00e7ka il\u00e7esinde do\u011fdu. \u0130lk\u00f6\u011frenimine babas\u0131n\u0131n g\u00f6revi nedeniyle Kayseri&#8217;de ba\u015flad\u0131. 1989 y\u0131l\u0131nda tayin sebebiyle ailesiyle Trabzon&#8217;a geldi. 1993 te orta, 1997 de lise \u00f6\u011frenimlerini Trabzon&#8217;da tamamlad\u0131. 1997 y\u0131l\u0131nda KT\u00dc Fatih E\u011fitim Fak\u00fcltesi Matematik \u00d6\u011fretmenli\u011fi b\u00f6l\u00fcm\u00fcn\u00fc kazand\u0131. 2001 de mezun olup ayn\u0131 y\u0131l Matematik E\u011fitimi&#8217;nde y\u00fcksek lisans program\u0131na ba\u015flad\u0131. 2001-2005 y\u0131llar\u0131 aras\u0131nda Trabzon\u2019 da farkl\u0131 okullarda matematik \u00f6\u011fretmenli\u011fi yapt\u0131. 2005 y\u0131l\u0131nda matematik e\u011fitiminde doktora program\u0131na ba\u015flad\u0131. 2011 y\u0131l\u0131nda doktora e\u011fitimini tamamlayan K\u00f6sa ayn\u0131 y\u0131l OFMAE Matematik E\u011fitimi ABD&#8217;ye \u00f6\u011fretim \u00fcyesi olarak atand\u0131.<\/div>\n<\/div>\n<\/div>\n<\/div>\n<\/div>\n<\/div>\n<\/div>\n<\/div>\n<\/td>\n<\/tr>\n<tr>\n<td bgcolor=\"#CCCCCC\">\n<div align=\"left\">\u00c7al\u0131\u015fma Alanlar\u0131:<\/div>\n<\/td>\n<td bgcolor=\"#F3F3F3\">\u00a0Uzamsal beceriler, Geometri \u00f6\u011fretimi, Problem \u00e7\u00f6zme<\/td>\n<\/tr>\n<tr>\n<td bgcolor=\"#CCCCCC\">\n<div align=\"left\">\u0130leti\u015fim Bilgileri:<\/div>\n<\/td>\n<td bgcolor=\"#FFFFFF\"><\/td>\n<\/tr>\n<tr>\n<td bgcolor=\"#CCCCCC\">E-posta:<\/td>\n<td bgcolor=\"#F3F3F3\"><a href=\"mailto:temelkosa@ktu.edu.tr\">temelkosa@ktu.edu.tr<\/a><\/td>\n<\/tr>\n<tr>\n<td bgcolor=\"#CCCCCC\">\n<div align=\"left\">Web Adresi:<\/div>\n<\/td>\n<td bgcolor=\"#FFFFFF\"><\/td>\n<\/tr>\n<\/tbody>\n<\/table>\n<p style=\"text-align: right;\">\n","protected":false},"excerpt":{"rendered":"<p>Do\u00e7. Dr. Temel K\u00d6SA Yay\u0131nlar 1979 y\u0131l\u0131nda Artvin&#8217;in Bor\u00e7ka il\u00e7esinde do\u011fdu. \u0130lk\u00f6\u011frenimine babas\u0131n\u0131n g\u00f6revi nedeniyle Kayseri&#8217;de ba\u015flad\u0131. 1989 y\u0131l\u0131nda tayin sebebiyle ailesiyle Trabzon&#8217;a geldi. 1993 te orta, 1997 de lise \u00f6\u011frenimlerini Trabzon&#8217;da tamamlad\u0131. 1997 y\u0131l\u0131nda KT\u00dc Fatih E\u011fitim Fak\u00fcltesi Matematik \u00d6\u011fretmenli\u011fi b\u00f6l\u00fcm\u00fcn\u00fc kazand\u0131. 2001 de mezun olup ayn\u0131 y\u0131l Matematik E\u011fitimi&#8217;nde y\u00fcksek lisans program\u0131na ba\u015flad\u0131. [&hellip;]<\/p>\n","protected":false},"author":1,"featured_media":0,"parent":0,"menu_order":0,"comment_status":"closed","ping_status":"closed","template":"","meta":[],"_links":{"self":[{"href":"https:\/\/bilmat.org\/calisma_grubu\/wp-json\/wp\/v2\/pages\/969"}],"collection":[{"href":"https:\/\/bilmat.org\/calisma_grubu\/wp-json\/wp\/v2\/pages"}],"about":[{"href":"https:\/\/bilmat.org\/calisma_grubu\/wp-json\/wp\/v2\/types\/page"}],"author":[{"embeddable":true,"href":"https:\/\/bilmat.org\/calisma_grubu\/wp-json\/wp\/v2\/users\/1"}],"replies":[{"embeddable":true,"href":"https:\/\/bilmat.org\/calisma_grubu\/wp-json\/wp\/v2\/comments?post=969"}],"version-history":[{"count":3,"href":"https:\/\/bilmat.org\/calisma_grubu\/wp-json\/wp\/v2\/pages\/969\/revisions"}],"predecessor-version":[{"id":2062,"href":"https:\/\/bilmat.org\/calisma_grubu\/wp-json\/wp\/v2\/pages\/969\/revisions\/2062"}],"wp:attachment":[{"href":"https:\/\/bilmat.org\/calisma_grubu\/wp-json\/wp\/v2\/media?parent=969"}],"curies":[{"name":"wp","href":"https:\/\/api.w.org\/{rel}","templated":true}]}}

Doç. Dr. Temel KÖSA

<table border="0" width="100%" cellspacing="1" cellpadding="1" align="left" bgcolor="#CCCCCC">
<tbody>
<tr>
<td bgcolor="#CCCCCC" width="116">
<div style="text-align: left;" align="left">Doç. Dr.</div>
<div style="text-align: left;" align="left">Temel KÖSA</div>
<p><img loading="lazy" src="http://www.bilmat.org/ktubilmat/kullanici/51.jpg" alt="" width="120" height="130" /></td>
<td valign="top" bgcolor="#FFFFFF">
<div align="left">
<div align="left">
<div align="left">
<div align="left">
<div align="left">
<div align="left">
<div align="left">
<div align="left"><a href="http://www.bilmat.org/ktubilmat/yayh.php?ids=25" target="_blank">Yayınlar</a></div>
<div align="justify">1979 yılında Artvin&#8217;in Borçka ilçesinde doğdu. İlköğrenimine babasının görevi nedeniyle Kayseri&#8217;de başladı. 1989 yılında tayin sebebiyle ailesiyle Trabzon&#8217;a geldi. 1993 te orta, 1997 de lise öğrenimlerini Trabzon&#8217;da tamamladı. 1997 yılında KTÜ Fatih Eğitim Fakültesi Matematik Öğretmenliği bölümünü kazandı. 2001 de mezun olup aynı yıl Matematik Eğitimi&#8217;nde yüksek lisans programına başladı. 2001-2005 yılları arasında Trabzon’ da farklı okullarda matematik öğretmenliği yaptı. 2005 yılında matematik eğitiminde doktora programına başladı. 2011 yılında doktora eğitimini tamamlayan Kösa aynı yıl OFMAE Matematik Eğitimi ABD&#8217;ye öğretim üyesi olarak atandı.</div>
</div>
</div>
</div>
</div>
</div>
</div>
</div>
</td>
</tr>
<tr>
<td bgcolor="#CCCCCC">
<div align="left">Çalışma Alanları:</div>
</td>
<td bgcolor="#F3F3F3"> Uzamsal beceriler, Geometri öğretimi, Problem çözme</td>
</tr>
<tr>
<td bgcolor="#CCCCCC">
<div align="left">İletişim Bilgileri:</div>
</td>
<td bgcolor="#FFFFFF"></td>
</tr>
<tr>
<td bgcolor="#CCCCCC">E-posta:</td>
<td bgcolor="#F3F3F3"><a href="mailto:temelkosa@ktu.edu.tr">temelkosa@ktu.edu.tr</a></td>
</tr>
<tr>
<td bgcolor="#CCCCCC">
<div align="left">Web Adresi:</div>
</td>
<td bgcolor="#FFFFFF"></td>
</tr>
</tbody>
</table>
<p style="text-align: right;">

<p>Doç. Dr. Temel KÖSA Yayınlar 1979 yılında Artvin&#8217;in Borçka ilçesinde doğdu. İlköğrenimine babasının görevi nedeniyle Kayseri&#8217;de başladı. 1989 yılında tayin sebebiyle ailesiyle Trabzon&#8217;a geldi. 1993 te orta, 1997 de lise öğrenimlerini Trabzon&#8217;da tamamladı. 1997 yılında KTÜ Fatih Eğitim Fakültesi Matematik Öğretmenliği bölümünü kazandı. 2001 de mezun olup aynı yıl Matematik Eğitimi&#8217;nde yüksek lisans programına başladı. [&hellip;]</p>
